000
CDUS43 KJKL 260935 RRA
CLILOZ

CLIMATE REPORT
NATIONAL WEATHER SERVICE JACKSON KY
535 AM EDT SUN APR 26 2015

...................................

...THE LONDON KY CLIMATE SUMMARY FOR APRIL 25 2015...

CLIMATE NORMAL PERIOD 1981 TO 2010
CLIMATE RECORD PERIOD 1954 TO 2015


WEATHER ITEM   OBSERVED TIME   RECORD YEAR NORMAL DEPARTURE LAST
                VALUE   (LST)  VALUE       VALUE  FROM      YEAR
                                                  NORMAL
..................................................................

TEMPERATURE (F)
 YESTERDAY
  MAXIMUM         81    526 PM  88    2009  71     10       67
  MINIMUM         53    931 AM  31    1967  47      6       49
  AVERAGE         67                        59      8       58

PRECIPITATION (IN)
  YESTERDAY        0.43          1.60 1975   0.15   0.28     0.71
  MONTH TO DATE    5.46                      3.35   2.11     2.49
  SINCE MAR 1     10.79                      7.40   3.39     7.66
  SINCE JAN 1     18.26                     14.65   3.61    14.17

SNOWFALL (IN)
  YESTERDAY       MM
  MONTH TO DATE   MM
  SINCE MAR 1     MM
  SINCE JUL 1     MM
  SNOW DEPTH      MM

DEGREE DAYS
 HEATING
  YESTERDAY        0                         7     -7        7
  MONTH TO DATE  142                       246   -104      168
  SINCE MAR 1    666                       795   -129      819
  SINCE JUL 1   4287                      4071    216     4326

 COOLING
  YESTERDAY        2                         1      1        0
  MONTH TO DATE   23                        17      6       16
  SINCE MAR 1     23                        20      3       16
  SINCE JAN 1     23                        20      3       16
..................................................................

WIND (MPH)
  HIGHEST WIND SPEED    23   HIGHEST WIND DIRECTION     N (340)
  HIGHEST GUST SPEED    29   HIGHEST GUST DIRECTION     N (360)
  AVERAGE WIND SPEED     6.3


SKY COVER
  POSSIBLE SUNSHINE  MM
  AVERAGE SKY COVER 0.7


WEATHER CONDITIONS
 THE FOLLOWING WEATHER WAS RECORDED YESTERDAY.
  THUNDERSTORM
  HEAVY RAIN
  RAIN
  LIGHT RAIN
  FOG


RELATIVE HUMIDITY (PERCENT)
 HIGHEST    MM
 LOWEST     36          1200 AM
 AVERAGE    MM
..........................................................

THE LONDON KY CLIMATE NORMALS FOR TODAY
                         NORMAL    RECORD    YEAR
 MAXIMUM TEMPERATURE (F)   72        87      1984
 MINIMUM TEMPERATURE (F)   48        33      1968


SUNRISE AND SUNSET
APRIL 26 2015.........SUNRISE   648 AM EDT   SUNSET   821 PM EDT
APRIL 27 2015.........SUNRISE   647 AM EDT   SUNSET   822 PM EDT


-  INDICATES NEGATIVE NUMBERS.
R  INDICATES RECORD WAS SET OR TIED.
MM INDICATES DATA IS MISSING.
T  INDICATES TRACE AMOUNT.
$$
