000
CDUS43 KJKL 110541
CLILOZ

CLIMATE REPORT
NATIONAL WEATHER SERVICE JACKSON KY
140 AM EDT SAT APR 11 2015

...................................

...THE LONDON KY CLIMATE SUMMARY FOR APRIL 10 2015...

CLIMATE NORMAL PERIOD 1981 TO 2010
CLIMATE RECORD PERIOD 1954 TO 2015


WEATHER ITEM   OBSERVED TIME   RECORD YEAR NORMAL DEPARTURE LAST
                VALUE   (LST)  VALUE       VALUE  FROM      YEAR
                                                  NORMAL
..................................................................
TEMPERATURE (F)
 YESTERDAY
  MAXIMUM         76    136 AM  90    1995  67      9       75
  MINIMUM         49   1157 PM  24    1960  43      6       36
  AVERAGE         63                        55      8       56

PRECIPITATION (IN)
  YESTERDAY        0.54          1.27 1994   0.13   0.41     0.00
  MONTH TO DATE    2.53                      1.29   1.24     1.35
  SINCE MAR 1      7.86                      5.34   2.52     6.52
  SINCE JAN 1     15.33                     12.59   2.74    13.03

SNOWFALL (IN)
  YESTERDAY       MM
  MONTH TO DATE   MM
  SINCE MAR 1     MM
  SINCE JUL 1     MM
  SNOW DEPTH      MM

DEGREE DAYS
 HEATING
  YESTERDAY        2                        11     -9        9
  MONTH TO DATE   57                       119    -62       80
  SINCE MAR 1    581                       668    -87      731
  SINCE JUL 1   4202                      3944    258     4238

 COOLING
  YESTERDAY        0                         1     -1        0
  MONTH TO DATE   14                         2     12        4
  SINCE MAR 1     14                         5      9        4
  SINCE JAN 1     14                         5      9        4
..................................................................


WIND (MPH)
  HIGHEST WIND SPEED    29   HIGHEST WIND DIRECTION     W (250)
  HIGHEST GUST SPEED    41   HIGHEST GUST DIRECTION    SW (230)
  AVERAGE WIND SPEED    10.0


SKY COVER
  POSSIBLE SUNSHINE  MM
  AVERAGE SKY COVER 0.4


WEATHER CONDITIONS
 THE FOLLOWING WEATHER WAS RECORDED YESTERDAY.
  THUNDERSTORM
  HEAVY RAIN
  RAIN
  LIGHT RAIN
  FOG


RELATIVE HUMIDITY (PERCENT)
 HIGHEST    84           600 AM
 LOWEST     42           400 PM
 AVERAGE    63

..........................................................


THE LONDON KY CLIMATE NORMALS FOR TODAY
                         NORMAL    RECORD    YEAR
 MAXIMUM TEMPERATURE (F)   67        86      1977
 MINIMUM TEMPERATURE (F)   43        22      1960


SUNRISE AND SUNSET
APRIL 11 2015.........SUNRISE   708 AM EDT   SUNSET   807 PM EDT
APRIL 12 2015.........SUNRISE   707 AM EDT   SUNSET   808 PM EDT


-  INDICATES NEGATIVE NUMBERS.
R  INDICATES RECORD WAS SET OR TIED.
MM INDICATES DATA IS MISSING.
T  INDICATES TRACE AMOUNT.




$$
