000
CDUS43 KLMK 022033
CLIBWG


CLIMATE REPORT
NATIONAL WEATHER SERVICE LOUISVILLE KY
431 PM EDT SAT MAY 2 2015


...................................

...THE BOWLING GREEN CLIMATE SUMMARY FOR MAY 2 2015...
VALID TODAY AS OF 0400 PM LOCAL TIME.

CLIMATE NORMAL PERIOD 1981 TO 2010
CLIMATE RECORD PERIOD 1870 TO 2015


WEATHER ITEM   OBSERVED TIME   RECORD YEAR NORMAL DEPARTURE LAST
                VALUE   (LST)  VALUE       VALUE  FROM      YEAR
                                                  NORMAL
..................................................................
TEMPERATURE (F)
 TODAY
  MAXIMUM         75    210 PM  93    1901  74      1       64
  MINIMUM         45    510 AM  31    1963  51     -6       42
                                      1909
  AVERAGE         60                        62     -2       53

PRECIPITATION (IN)
  TODAY            0.00          4.92 2010   0.17  -0.17     0.00
  MONTH TO DATE    0.00                      0.35  -0.35      T
  SINCE MAR 1     15.35                      9.10   6.25    10.30
  SINCE JAN 1     21.23                     16.67   4.56    17.47

SNOWFALL (IN)
  TODAY            0.0           0.0    MM   0.0    0.0      0.0
  MONTH TO DATE    0.0                       0.0    0.0      0.0
  SINCE MAR 1      7.2                       1.3    5.9      5.1
  SINCE JUL 1     23.5                       9.1   14.4     10.4
  SNOW DEPTH       0

DEGREE DAYS
 HEATING
  TODAY            5                         4      1       12
  MONTH TO DATE   14                         9      5       22
  SINCE MAR 1    726                       780    -54      870
  SINCE JUL 1   4261                      3978    283     4479

 COOLING
  TODAY            0                         2     -2        0
  MONTH TO DATE    0                         4     -4        0
  SINCE MAR 1     35                        40     -5       14
  SINCE JAN 1     35                        40     -5       14
..................................................................


WIND (MPH)
  HIGHEST WIND SPEED     9   HIGHEST WIND DIRECTION    SW (240)
  HIGHEST GUST SPEED    14   HIGHEST GUST DIRECTION    SW (210)
  AVERAGE WIND SPEED     1.4


SKY COVER
  POSSIBLE SUNSHINE   0 PERCENT
  AVERAGE SKY COVER 0.0


WEATHER CONDITIONS
 THE FOLLOWING WEATHER WAS RECORDED TODAY.
  NO SIGNIFICANT WEATHER WAS OBSERVED.


RELATIVE HUMIDITY (PERCENT)
 HIGHEST    MM
 LOWEST     MM
 AVERAGE    MM

..........................................................


THE BOWLING GREEN CLIMATE NORMALS FOR TOMORROW
                         NORMAL    RECORD    YEAR
 MAXIMUM TEMPERATURE (F)   74        95      1915
 MINIMUM TEMPERATURE (F)   51        34      2005


SUNRISE AND SUNSET
MAY  2 2015...........SUNRISE   551 AM CDT   SUNSET   735 PM CDT
MAY  3 2015...........SUNRISE   550 AM CDT   SUNSET   736 PM CDT


-  INDICATES NEGATIVE NUMBERS.
R  INDICATES RECORD WAS SET OR TIED.
MM INDICATES DATA IS MISSING.
T  INDICATES TRACE AMOUNT.




$$
