000
CDUS43 KLMK 012031
CLIBWG


CLIMATE REPORT
NATIONAL WEATHER SERVICE LOUISVILLE KY
430 PM EDT FRI MAY 1 2015


...................................

...THE BOWLING GREEN CLIMATE SUMMARY FOR MAY 1 2015...
VALID TODAY AS OF 0400 PM LOCAL TIME.

CLIMATE NORMAL PERIOD 1981 TO 2010
CLIMATE RECORD PERIOD 1870 TO 2015


WEATHER ITEM   OBSERVED TIME   RECORD YEAR NORMAL DEPARTURE LAST
                VALUE   (LST)  VALUE       VALUE  FROM      YEAR
                                                  NORMAL
..................................................................
TEMPERATURE (F)
 TODAY
  MAXIMUM         70    213 PM  93    1901  74     -4       64
  MINIMUM         40    458 AM  30    1963  50    -10       46
  AVERAGE         55                        62     -7       55

PRECIPITATION (IN)
  TODAY            0.00          4.75 2010   0.18  -0.18      T
  MONTH TO DATE    0.00                      0.18  -0.18      T
  SINCE MAR 1     15.35                      8.93   6.42    10.30
  SINCE JAN 1     21.23                     16.50   4.73    17.47

SNOWFALL (IN)
  TODAY            0.0           0.0    MM   0.0    0.0      0.0
  MONTH TO DATE    0.0                       0.0    0.0      0.0
  SINCE MAR 1      7.2                       1.3    5.9      5.1
  SINCE JUL 1     23.5                       9.1   14.4     10.4
  SNOW DEPTH       0

DEGREE DAYS
 HEATING
  TODAY           10                         5      5       10
  MONTH TO DATE   10                         5      5       10
  SINCE MAR 1    722                       776    -54      858
  SINCE JUL 1   4257                      3974    283     4467

 COOLING
  TODAY            0                         2     -2        0
  MONTH TO DATE    0                         2     -2        0
  SINCE MAR 1     35                        38     -3       14
  SINCE JAN 1     35                        38     -3       14
..................................................................


WIND (MPH)
  HIGHEST WIND SPEED    12   HIGHEST WIND DIRECTION     N (20)
  HIGHEST GUST SPEED    16   HIGHEST GUST DIRECTION     N (10)
  AVERAGE WIND SPEED     4.6


SKY COVER
  POSSIBLE SUNSHINE   0 PERCENT
  AVERAGE SKY COVER 0.0


WEATHER CONDITIONS
 THE FOLLOWING WEATHER WAS RECORDED TODAY.
  NO SIGNIFICANT WEATHER WAS OBSERVED.


RELATIVE HUMIDITY (PERCENT)
 HIGHEST    MM
 LOWEST     MM
 AVERAGE    MM

..........................................................


THE BOWLING GREEN CLIMATE NORMALS FOR TOMORROW
                         NORMAL    RECORD    YEAR
 MAXIMUM TEMPERATURE (F)   74        93      1901
 MINIMUM TEMPERATURE (F)   51        31      1963
                                             1909


SUNRISE AND SUNSET
MAY  1 2015...........SUNRISE   552 AM CDT   SUNSET   734 PM CDT
MAY  2 2015...........SUNRISE   551 AM CDT   SUNSET   735 PM CDT


-  INDICATES NEGATIVE NUMBERS.
R  INDICATES RECORD WAS SET OR TIED.
MM INDICATES DATA IS MISSING.
T  INDICATES TRACE AMOUNT.




$$
