000
CDUS43 KLMK 160626
CLIBWG


CLIMATE REPORT
NATIONAL WEATHER SERVICE LOUISVILLE KY
226 AM EDT THU APR 16 2015


...................................

...THE BOWLING GREEN KY CLIMATE SUMMARY FOR APRIL 15 2015...

CLIMATE NORMAL PERIOD 1981 TO 2010
CLIMATE RECORD PERIOD 1870 TO 2015


WEATHER ITEM   OBSERVED TIME   RECORD YEAR NORMAL DEPARTURE LAST
                VALUE   (LST)  VALUE       VALUE  FROM      YEAR
                                                  NORMAL
..................................................................
TEMPERATURE (F)
 YESTERDAY
  MAXIMUM         65    413 PM  88    1936  70     -5       47
                                      1931
                                      1924
  MINIMUM         56    558 AM  25    1950  45     11       34
  AVERAGE         61                        58      3       41

PRECIPITATION (IN)
  YESTERDAY        0.07          1.18 1994   0.13  -0.06     0.16
  MONTH TO DATE    5.82                      2.02   3.80     3.05
  SINCE MAR 1     12.09                      6.43   5.66     6.78
  SINCE JAN 1     17.97                     14.00   3.97    13.95

SNOWFALL (IN)
  YESTERDAY        0.0           T    2014   0.0    0.0       T
  MONTH TO DATE    0.0                       0.2   -0.2       T
  SINCE MAR 1      7.2                       1.3    5.9      5.1
  SINCE JUL 1     23.5                       9.1   14.4     10.4
  SNOW DEPTH       0

DEGREE DAYS
 HEATING
  YESTERDAY        4                         8     -4       24
  MONTH TO DATE   74                       155    -81      110
  SINCE MAR 1    614                       675    -61      763
  SINCE JUL 1   4149                      3873    276     4372

 COOLING
  YESTERDAY        0                         1     -1        0
  MONTH TO DATE   28                        14     14       12
  SINCE MAR 1     28                        19      9       12
  SINCE JAN 1     28                        19      9       12
..................................................................


WIND (MPH)
  HIGHEST WIND SPEED    18   HIGHEST WIND DIRECTION    NE (60)
  HIGHEST GUST SPEED    27   HIGHEST GUST DIRECTION    NE (60)
  AVERAGE WIND SPEED     7.7


SKY COVER
  POSSIBLE SUNSHINE  MM
  AVERAGE SKY COVER 1.0


WEATHER CONDITIONS
 THE FOLLOWING WEATHER WAS RECORDED YESTERDAY.
  RAIN
  LIGHT RAIN


RELATIVE HUMIDITY (PERCENT)
 HIGHEST    90           800 PM
 LOWEST     62           100 AM
 AVERAGE    76

..........................................................


THE BOWLING GREEN KY CLIMATE NORMALS FOR TODAY
                         NORMAL    RECORD    YEAR
 MAXIMUM TEMPERATURE (F)   70        89      1924
 MINIMUM TEMPERATURE (F)   46        27      2014
                                             1928


SUNRISE AND SUNSET
APRIL 16 2015.........SUNRISE   611 AM CDT   SUNSET   721 PM CDT
APRIL 17 2015.........SUNRISE   609 AM CDT   SUNSET   722 PM CDT


-  INDICATES NEGATIVE NUMBERS.
R  INDICATES RECORD WAS SET OR TIED.
MM INDICATES DATA IS MISSING.
T  INDICATES TRACE AMOUNT.




$$
