000
CDUS43 KLMK 142028
CLIBWG


CLIMATE REPORT
NATIONAL WEATHER SERVICE LOUISVILLE KY
428 PM EDT TUE APR 14 2015


...................................

...THE BOWLING GREEN CLIMATE SUMMARY FOR APRIL 14 2015...
VALID TODAY AS OF 0400 PM LOCAL TIME.

CLIMATE NORMAL PERIOD 1981 TO 2010
CLIMATE RECORD PERIOD 1870 TO 2015


WEATHER ITEM   OBSERVED TIME   RECORD YEAR NORMAL DEPARTURE LAST
                VALUE   (LST)  VALUE       VALUE  FROM      YEAR
                                                  NORMAL
..................................................................
TEMPERATURE (F)
 TODAY
  MAXIMUM         66    204 AM  88    1919  69     -3       74
  MINIMUM         56   1018 AM  22    1950  45     11       42
  AVERAGE         61                        57      4       58

PRECIPITATION (IN)
  TODAY            1.59          2.24 1893   0.14   1.45     0.53
  MONTH TO DATE    5.74                      1.89   3.85     2.89
  SINCE MAR 1     12.01                      6.30   5.71     6.62
  SINCE JAN 1     17.89                     13.87   4.02    13.79

SNOWFALL (IN)
  TODAY            0.0           0.5  1943   0.0    0.0      0.0
  MONTH TO DATE    0.0                       0.2   -0.2      0.0
  SINCE MAR 1      7.2                       1.3    5.9      5.1
  SINCE JUL 1     23.5                       9.1   14.4     10.4
  SNOW DEPTH       0

DEGREE DAYS
 HEATING
  TODAY            4                         9     -5        7
  MONTH TO DATE   70                       147    -77       86
  SINCE MAR 1    610                       667    -57      739
  SINCE JUL 1   4145                      3865    280     4348

 COOLING
  TODAY            0                         1     -1        0
  MONTH TO DATE   28                        13     15       12
  SINCE MAR 1     28                        18     10       12
  SINCE JAN 1     28                        18     10       12
..................................................................


WIND (MPH)
  HIGHEST WIND SPEED    15   HIGHEST WIND DIRECTION    NE (30)
  HIGHEST GUST SPEED    25   HIGHEST GUST DIRECTION    NE (30)
  AVERAGE WIND SPEED    10.9


SKY COVER
  POSSIBLE SUNSHINE  MM
  AVERAGE SKY COVER 1.0


WEATHER CONDITIONS
 THE FOLLOWING WEATHER WAS RECORDED TODAY.
  HEAVY RAIN
  RAIN
  LIGHT RAIN
  FOG
  HAZE


RELATIVE HUMIDITY (PERCENT)
 HIGHEST    93          1200 AM
 LOWEST     78           200 PM
 AVERAGE    86

..........................................................


THE BOWLING GREEN CLIMATE NORMALS FOR TOMORROW
                         NORMAL    RECORD    YEAR
 MAXIMUM TEMPERATURE (F)   70        88      1936
                                             1931
                                             1924
 MINIMUM TEMPERATURE (F)   45        25      1950


SUNRISE AND SUNSET
APRIL 14 2015.........SUNRISE   613 AM CDT   SUNSET   719 PM CDT
APRIL 15 2015.........SUNRISE   612 AM CDT   SUNSET   720 PM CDT


-  INDICATES NEGATIVE NUMBERS.
R  INDICATES RECORD WAS SET OR TIED.
MM INDICATES DATA IS MISSING.
T  INDICATES TRACE AMOUNT.




$$
