000
CDUS43 KLMK 132027
CLIBWG


CLIMATE REPORT
NATIONAL WEATHER SERVICE LOUISVILLE KY
427 PM EDT MON APR 13 2015


...................................

...THE BOWLING GREEN CLIMATE SUMMARY FOR APRIL 13 2015...
VALID TODAY AS OF 0400 PM LOCAL TIME.

CLIMATE NORMAL PERIOD 1981 TO 2010
CLIMATE RECORD PERIOD 1870 TO 2015


WEATHER ITEM   OBSERVED TIME   RECORD YEAR NORMAL DEPARTURE LAST
                VALUE   (LST)  VALUE       VALUE  FROM      YEAR
                                                  NORMAL
..................................................................
TEMPERATURE (F)
 TODAY
  MAXIMUM         77    110 PM  91    1930  69      8       81
  MINIMUM         56    815 AM  24    1950  45     11       64
  AVERAGE         67                        57     10       73

PRECIPITATION (IN)
  TODAY            0.00          1.19 1923   0.13  -0.13     0.00
  MONTH TO DATE    3.51                      1.75   1.76     2.36
  SINCE MAR 1      9.78                      6.16   3.62     6.09
  SINCE JAN 1     15.66                     13.73   1.93    13.26

SNOWFALL (IN)
  TODAY            0.0           T    2004   0.0    0.0      0.0
  MONTH TO DATE    0.0                       0.2   -0.2      0.0
  SINCE MAR 1      7.2                       1.3    5.9      5.1
  SINCE JUL 1     23.5                       9.1   14.4     10.4
  SNOW DEPTH       0

DEGREE DAYS
 HEATING
  TODAY            0                         9     -9        0
  MONTH TO DATE   66                       138    -72       79
  SINCE MAR 1    606                       658    -52      732
  SINCE JUL 1   4141                      3856    285     4341

 COOLING
  TODAY            2                         1      1        8
  MONTH TO DATE   28                        12     16       12
  SINCE MAR 1     28                        17     11       12
  SINCE JAN 1     28                        17     11       12
..................................................................


WIND (MPH)
  HIGHEST WIND SPEED    15   HIGHEST WIND DIRECTION    SW (220)
  HIGHEST GUST SPEED    10   HIGHEST GUST DIRECTION     S (180)
  AVERAGE WIND SPEED     6.8


SKY COVER
  POSSIBLE SUNSHINE  MM
  AVERAGE SKY COVER 0.5


WEATHER CONDITIONS
 THE FOLLOWING WEATHER WAS RECORDED TODAY.
  LIGHT RAIN


RELATIVE HUMIDITY (PERCENT)
 HIGHEST    84           200 PM
 LOWEST     57          1000 AM
 AVERAGE    71

..........................................................


THE BOWLING GREEN CLIMATE NORMALS FOR TOMORROW
                         NORMAL    RECORD    YEAR
 MAXIMUM TEMPERATURE (F)   69        88      1919
 MINIMUM TEMPERATURE (F)   45        22      1950


SUNRISE AND SUNSET
APRIL 13 2015.........SUNRISE   615 AM CDT   SUNSET   719 PM CDT
APRIL 14 2015.........SUNRISE   613 AM CDT   SUNSET   719 PM CDT


-  INDICATES NEGATIVE NUMBERS.
R  INDICATES RECORD WAS SET OR TIED.
MM INDICATES DATA IS MISSING.
T  INDICATES TRACE AMOUNT.




$$
