000
CDUS43 KLMK 262029
CLIBWG

CLIMATE REPORT
NATIONAL WEATHER SERVICE LOUISVILLE KY
427 PM EDT SUN APR 26 2015


...................................

...THE BOWLING GREEN CLIMATE SUMMARY FOR APRIL 26 2015...
VALID TODAY AS OF 0400 PM LOCAL TIME.

CLIMATE NORMAL PERIOD 1981 TO 2010
CLIMATE RECORD PERIOD 1870 TO 2015


WEATHER ITEM   OBSERVED TIME   RECORD YEAR NORMAL DEPARTURE LAST
                VALUE   (LST)  VALUE       VALUE  FROM      YEAR
                                                  NORMAL
..................................................................
TEMPERATURE (F)
 TODAY
  MAXIMUM         63    200 PM  91    1915  73    -10       78
  MINIMUM         49    613 AM  25    1873  49      0       42
  AVERAGE         56                        61     -5       60

PRECIPITATION (IN)
  TODAY            T             2.25 1914   0.16  -0.16     0.00
  MONTH TO DATE    9.08                      3.71   5.37     3.41
  SINCE MAR 1     15.35                      8.12   7.23     7.14
  SINCE JAN 1     21.23                     15.69   5.54    14.31

SNOWFALL (IN)
  TODAY            0.0           0.0    MM   0.0    0.0      0.0
  MONTH TO DATE    0.0                       0.2   -0.2       T
  SINCE MAR 1      7.2                       1.3    5.9      5.1
  SINCE JUL 1     23.5                       9.1   14.4     10.4
  SNOW DEPTH       0

DEGREE DAYS
 HEATING
  TODAY            9                         6      3        5
  MONTH TO DATE  138                       231    -93      189
  SINCE MAR 1    678                       751    -73      842
  SINCE JUL 1   4213                      3949    264     4451

 COOLING
  TODAY            0                         1     -1        0
  MONTH TO DATE   35                        25     10       12
  SINCE MAR 1     35                        30      5       12
  SINCE JAN 1     35                        30      5       12
..................................................................


WIND (MPH)
  HIGHEST WIND SPEED    10   HIGHEST WIND DIRECTION    NE (50)
  HIGHEST GUST SPEED    23   HIGHEST GUST DIRECTION     N (350)
  AVERAGE WIND SPEED     6.9


SKY COVER
  POSSIBLE SUNSHINE  MM
  AVERAGE SKY COVER 0.9


WEATHER CONDITIONS
 THE FOLLOWING WEATHER WAS RECORDED TODAY.
  LIGHT RAIN
  FOG


RELATIVE HUMIDITY (PERCENT)
 HIGHEST    93           500 AM
 LOWEST     48           200 PM
 AVERAGE    71

..........................................................


THE BOWLING GREEN CLIMATE NORMALS FOR TOMORROW
                         NORMAL    RECORD    YEAR
 MAXIMUM TEMPERATURE (F)   73        90      1989
 MINIMUM TEMPERATURE (F)   49        31      1946


SUNRISE AND SUNSET
APRIL 26 2015.........SUNRISE   558 AM CDT   SUNSET   730 PM CDT
APRIL 27 2015.........SUNRISE   556 AM CDT   SUNSET   731 PM CDT


-  INDICATES NEGATIVE NUMBERS.
R  INDICATES RECORD WAS SET OR TIED.
MM INDICATES DATA IS MISSING.
T  INDICATES TRACE AMOUNT.




$$
