000
CDUS43 KLMK 262031
CLIBWG

CLIMATE REPORT
NATIONAL WEATHER SERVICE LOUISVILLE KY
428 PM EDT THU MAR 26 2015


...................................

...THE BOWLING GREEN CLIMATE SUMMARY FOR MARCH 26 2015...
VALID TODAY AS OF 0400 PM LOCAL TIME.

CLIMATE NORMAL PERIOD 1981 TO 2010
CLIMATE RECORD PERIOD 1870 TO 2015


WEATHER ITEM   OBSERVED TIME   RECORD YEAR NORMAL DEPARTURE LAST
                VALUE   (LST)  VALUE       VALUE  FROM      YEAR
                                                  NORMAL
..................................................................
TEMPERATURE (F)
 TODAY
  MAXIMUM         65    300 AM  87    1910  63      2       46
  MINIMUM         46    226 PM  14    1955  40      6       19
  AVERAGE         56                        52      4       33

PRECIPITATION (IN)
  TODAY            0.21          4.10 1913   0.15   0.06     0.00
  MONTH TO DATE    6.13                      3.65   2.48     2.93
  SINCE MAR 1      6.13                      3.65   2.48     2.93
  SINCE JAN 1     12.01                     11.22   0.79    10.10

SNOWFALL (IN)
  TODAY            0.0           0.5  2013   0.0    0.0      0.0
  MONTH TO DATE    7.2                       0.9    6.3      5.1
  SINCE MAR 1      7.2                       0.9    6.3      5.1
  SINCE JUL 1     23.5                       8.7   14.8     10.4
  SNOW DEPTH       0

DEGREE DAYS
 HEATING
  TODAY            9                        14     -5       32
  MONTH TO DATE  442                       456    -14      588
  SINCE MAR 1    442                       456    -14      588
  SINCE JUL 1   3977                      3654    323     4197

 COOLING
  TODAY            0                         0      0        0
  MONTH TO DATE    0                         0      0        0
  SINCE MAR 1      0                         0      0        0
  SINCE JAN 1      0                         0      0        0
..................................................................


WIND (MPH)
  HIGHEST WIND SPEED    14   HIGHEST WIND DIRECTION     S (180)
  HIGHEST GUST SPEED    17   HIGHEST GUST DIRECTION    NW (330)
  AVERAGE WIND SPEED     8.3


SKY COVER
  POSSIBLE SUNSHINE  MM
  AVERAGE SKY COVER 0.9


WEATHER CONDITIONS
 THE FOLLOWING WEATHER WAS RECORDED TODAY.
  THUNDERSTORM
  HEAVY RAIN
  RAIN
  LIGHT RAIN
  FOG


RELATIVE HUMIDITY (PERCENT)
 HIGHEST    89           900 AM
 LOWEST     63           200 AM
 AVERAGE    76

..........................................................


THE BOWLING GREEN CLIMATE NORMALS FOR TOMORROW
                         NORMAL    RECORD    YEAR
 MAXIMUM TEMPERATURE (F)   64        90      1910
 MINIMUM TEMPERATURE (F)   40        15      1955
                                             1947


SUNRISE AND SUNSET
MARCH 26 2015.........SUNRISE   641 AM CDT   SUNSET   703 PM CDT
MARCH 27 2015.........SUNRISE   639 AM CDT   SUNSET   704 PM CDT


-  INDICATES NEGATIVE NUMBERS.
R  INDICATES RECORD WAS SET OR TIED.
MM INDICATES DATA IS MISSING.
T  INDICATES TRACE AMOUNT.




$$
