000
CDUS43 KLMK 292026
CLIBWG


CLIMATE REPORT
NATIONAL WEATHER SERVICE LOUISVILLE KY
426 PM EDT WED APR 29 2015


...................................

...THE BOWLING GREEN CLIMATE SUMMARY FOR APRIL 29 2015...
VALID TODAY AS OF 0400 PM LOCAL TIME.

CLIMATE NORMAL PERIOD 1981 TO 2010
CLIMATE RECORD PERIOD 1870 TO 2015


WEATHER ITEM   OBSERVED TIME   RECORD YEAR NORMAL DEPARTURE LAST
                VALUE   (LST)  VALUE       VALUE  FROM      YEAR
                                                  NORMAL
..................................................................
TEMPERATURE (F)
 TODAY
  MAXIMUM         71    200 PM  91    1894  73     -2       76
  MINIMUM         43    743 AM  31    1907  50     -7       55
  AVERAGE         57                        62     -5       66

PRECIPITATION (IN)
  TODAY            0.00          2.40 1912   0.16  -0.16     0.05
  MONTH TO DATE    9.08                      4.18   4.90     6.57
  SINCE MAR 1     15.35                      8.59   6.76    10.30
  SINCE JAN 1     21.23                     16.16   5.07    17.47

SNOWFALL (IN)
  TODAY            0.0           0.0    MM   0.0    0.0      0.0
  MONTH TO DATE    0.0                       0.2   -0.2       T
  SINCE MAR 1      7.2                       1.3    5.9      5.1
  SINCE JUL 1     23.5                       9.1   14.4     10.4
  SNOW DEPTH       0

DEGREE DAYS
 HEATING
  TODAY            8                         5      3        0
  MONTH TO DATE  164                       246    -82      189
  SINCE MAR 1    704                       766    -62      842
  SINCE JUL 1   4239                      3964    275     4451

 COOLING
  TODAY            0                         2     -2        1
  MONTH TO DATE   35                        29      6       14
  SINCE MAR 1     35                        34      1       14
  SINCE JAN 1     35                        34      1       14
..................................................................


WIND (MPH)
  HIGHEST WIND SPEED     9   HIGHEST WIND DIRECTION     N (20)
  HIGHEST GUST SPEED    16   HIGHEST GUST DIRECTION     N (10)
  AVERAGE WIND SPEED     3.1


SKY COVER
  POSSIBLE SUNSHINE  MM
  AVERAGE SKY COVER 0.1


WEATHER CONDITIONS
 THE FOLLOWING WEATHER WAS RECORDED TODAY.
  NO SIGNIFICANT WEATHER WAS OBSERVED.


RELATIVE HUMIDITY (PERCENT)
 HIGHEST    89           300 AM
 LOWEST     31           200 PM
 AVERAGE    60

..........................................................


THE BOWLING GREEN CLIMATE NORMALS FOR TOMORROW
                         NORMAL    RECORD    YEAR
 MAXIMUM TEMPERATURE (F)   74        92      1942
                                             1894
 MINIMUM TEMPERATURE (F)   50        33      1908


SUNRISE AND SUNSET
APRIL 29 2015.........SUNRISE   554 AM CDT   SUNSET   733 PM CDT
APRIL 30 2015.........SUNRISE   553 AM CDT   SUNSET   734 PM CDT


-  INDICATES NEGATIVE NUMBERS.
R  INDICATES RECORD WAS SET OR TIED.
MM INDICATES DATA IS MISSING.
T  INDICATES TRACE AMOUNT.




$$
