000
CDUS43 KLMK 200629
CLIBWG


CLIMATE REPORT
NATIONAL WEATHER SERVICE LOUISVILLE KY
229 AM EDT MON APR 20 2015


...................................

...THE BOWLING GREEN KY CLIMATE SUMMARY FOR APRIL 19 2015...

CLIMATE NORMAL PERIOD 1981 TO 2010
CLIMATE RECORD PERIOD 1870 TO 2015


WEATHER ITEM   OBSERVED TIME   RECORD YEAR NORMAL DEPARTURE LAST
                VALUE   (LST)  VALUE       VALUE  FROM      YEAR
                                                  NORMAL
..................................................................
TEMPERATURE (F)
 YESTERDAY
  MAXIMUM         74    212 PM  87    2011  71      3       76
  MINIMUM         57   1131 PM  25    1887  47     10       44
  AVERAGE         66                        59      7       60

PRECIPITATION (IN)
  YESTERDAY        1.09          1.74 1973   0.15   0.94     0.00
  MONTH TO DATE    8.25                      2.60   5.65     3.05
  SINCE MAR 1     14.52                      7.01   7.51     6.78
  SINCE JAN 1     20.40                     14.58   5.82    13.95

SNOWFALL (IN)
  YESTERDAY        0.0           0.0    MM   0.0    0.0      0.0
  MONTH TO DATE    0.0                       0.2   -0.2       T
  SINCE MAR 1      7.2                       1.3    5.9      5.1
  SINCE JUL 1     23.5                       9.1   14.4     10.4
  SNOW DEPTH       0

DEGREE DAYS
 HEATING
  YESTERDAY        0                         7     -7        5
  MONTH TO DATE   74                       186   -112      155
  SINCE MAR 1    614                       706    -92      808
  SINCE JUL 1   4149                      3904    245     4417

 COOLING
  YESTERDAY        1                         1      0        0
  MONTH TO DATE   31                        18     13       12
  SINCE MAR 1     31                        23      8       12
  SINCE JAN 1     31                        23      8       12
..................................................................


WIND (MPH)
  HIGHEST WIND SPEED    25   HIGHEST WIND DIRECTION     S (190)
  HIGHEST GUST SPEED    29   HIGHEST GUST DIRECTION     S (190)
  AVERAGE WIND SPEED     8.5


SKY COVER
  POSSIBLE SUNSHINE  MM
  AVERAGE SKY COVER 0.8


WEATHER CONDITIONS
 THE FOLLOWING WEATHER WAS RECORDED YESTERDAY.
  THUNDERSTORM
  HEAVY RAIN
  RAIN
  LIGHT RAIN
  FOG
  HAZE


RELATIVE HUMIDITY (PERCENT)
 HIGHEST    93           600 AM
 LOWEST     73          1200 AM
 AVERAGE    83

..........................................................


THE BOWLING GREEN KY CLIMATE NORMALS FOR TODAY
                         NORMAL    RECORD    YEAR
 MAXIMUM TEMPERATURE (F)   71        87      1964
 MINIMUM TEMPERATURE (F)   47        28      1983
                                             1926


SUNRISE AND SUNSET
APRIL 20 2015.........SUNRISE   605 AM CDT   SUNSET   725 PM CDT
APRIL 21 2015.........SUNRISE   604 AM CDT   SUNSET   726 PM CDT


-  INDICATES NEGATIVE NUMBERS.
R  INDICATES RECORD WAS SET OR TIED.
MM INDICATES DATA IS MISSING.
T  INDICATES TRACE AMOUNT.




$$
