000
CDUS43 KLMK 110639
CLIBWG


CLIMATE REPORT
NATIONAL WEATHER SERVICE LOUISVILLE KY
239 AM EDT SAT APR 11 2015


...................................

...THE BOWLING GREEN KY CLIMATE SUMMARY FOR APRIL 10 2015...

CLIMATE NORMAL PERIOD 1981 TO 2010
CLIMATE RECORD PERIOD 1870 TO 2015


WEATHER ITEM   OBSERVED TIME   RECORD YEAR NORMAL DEPARTURE LAST
                VALUE   (LST)  VALUE       VALUE  FROM      YEAR
                                                  NORMAL
..................................................................
TEMPERATURE (F)
 YESTERDAY
  MAXIMUM         75   1232 AM  90    1995  68      7       76
  MINIMUM         49   1159 PM  24    1966  44      5       40
                                      1892
  AVERAGE         62                        56      6       58

PRECIPITATION (IN)
  YESTERDAY        0.66          1.45 1925   0.14   0.52     0.00
  MONTH TO DATE    3.51                      1.34   2.17     2.31
  SINCE MAR 1      9.78                      5.75   4.03     6.04
  SINCE JAN 1     15.66                     13.32   2.34    13.21

SNOWFALL (IN)
  YESTERDAY        0.0           0.0    MM   0.0    0.0      0.0
  MONTH TO DATE    0.0                       0.1   -0.1      0.0
  SINCE MAR 1      7.2                       1.2    6.0      5.1
  SINCE JUL 1     23.5                       9.0   14.5     10.4
  SNOW DEPTH       0

DEGREE DAYS
 HEATING
  YESTERDAY        3                        10     -7        7
  MONTH TO DATE   55                       110    -55       78
  SINCE MAR 1    595                       630    -35      731
  SINCE JUL 1   4130                      3828    302     4340

 COOLING
  YESTERDAY        0                         1     -1        0
  MONTH TO DATE   26                         9     17        3
  SINCE MAR 1     26                        14     12        3
  SINCE JAN 1     26                        14     12        3
..................................................................


WIND (MPH)
  HIGHEST WIND SPEED    24   HIGHEST WIND DIRECTION    SW (240)
  HIGHEST GUST SPEED    33   HIGHEST GUST DIRECTION     W (250)
  AVERAGE WIND SPEED     7.9


SKY COVER
  POSSIBLE SUNSHINE  MM
  AVERAGE SKY COVER 0.3


WEATHER CONDITIONS
 THE FOLLOWING WEATHER WAS RECORDED YESTERDAY.
  THUNDERSTORM
  HEAVY RAIN
  RAIN
  LIGHT RAIN
  FOG


RELATIVE HUMIDITY (PERCENT)
 HIGHEST    87           200 AM
 LOWEST     36           300 PM
 AVERAGE    62

..........................................................


THE BOWLING GREEN KY CLIMATE NORMALS FOR TODAY
                         NORMAL    RECORD    YEAR
 MAXIMUM TEMPERATURE (F)   69        92      1930
 MINIMUM TEMPERATURE (F)   44        24      1989
                                             1973


SUNRISE AND SUNSET
APRIL 11 2015.........SUNRISE   617 AM CDT   SUNSET   717 PM CDT
APRIL 12 2015.........SUNRISE   616 AM CDT   SUNSET   718 PM CDT


-  INDICATES NEGATIVE NUMBERS.
R  INDICATES RECORD WAS SET OR TIED.
MM INDICATES DATA IS MISSING.
T  INDICATES TRACE AMOUNT.




$$
