000
CDUS43 KLMK 230625
CLIBWG


CLIMATE REPORT
NATIONAL WEATHER SERVICE LOUISVILLE KY
225 AM EDT MON MAR 23 2015


...................................

...THE BOWLING GREEN KY CLIMATE SUMMARY FOR MARCH 22 2015...

CLIMATE NORMAL PERIOD 1981 TO 2010
CLIMATE RECORD PERIOD 1870 TO 2015


WEATHER ITEM   OBSERVED TIME   RECORD YEAR NORMAL DEPARTURE LAST
                VALUE   (LST)  VALUE       VALUE  FROM      YEAR
                                                  NORMAL
..................................................................
TEMPERATURE (F)
 YESTERDAY
  MAXIMUM         62    257 PM  90    1907  62      0       61
  MINIMUM         44   1158 PM  20    2002  39      5       45
  AVERAGE         53                        50      3       53

PRECIPITATION (IN)
  YESTERDAY        0.00          3.75 1952   0.14  -0.14     0.00
  MONTH TO DATE    5.92                      3.06   2.86     2.93
  SINCE MAR 1      5.92                      3.06   2.86     2.93
  SINCE JAN 1     11.80                     10.63   1.17    10.10

SNOWFALL (IN)
  YESTERDAY        0.0          11.0  1968   0.0    0.0      0.0
  MONTH TO DATE    7.2                       0.8    6.4      4.8
  SINCE MAR 1      7.2                       0.8    6.4      4.8
  SINCE JUL 1     23.5                       8.6   14.9     10.1
  SNOW DEPTH       0

DEGREE DAYS
 HEATING
  YESTERDAY       12                        15     -3       12
  MONTH TO DATE  412                       399     13      476
  SINCE MAR 1    412                       399     13      476
  SINCE JUL 1   3947                      3597    350     4085

 COOLING
  YESTERDAY        0                         0      0        0
  MONTH TO DATE    0                         0      0        0
  SINCE MAR 1      0                         0      0        0
  SINCE JAN 1      0                         0      0        0
..................................................................


WIND (MPH)
  HIGHEST WIND SPEED    15   HIGHEST WIND DIRECTION     E (70)
  HIGHEST GUST SPEED    19   HIGHEST GUST DIRECTION     E (70)
  AVERAGE WIND SPEED     6.2


SKY COVER
  POSSIBLE SUNSHINE  MM
  AVERAGE SKY COVER 0.0


WEATHER CONDITIONS
 THE FOLLOWING WEATHER WAS RECORDED YESTERDAY.
  NO SIGNIFICANT WEATHER WAS OBSERVED.


RELATIVE HUMIDITY (PERCENT)
 HIGHEST    86           100 AM
 LOWEST     36           600 PM
 AVERAGE    61

..........................................................


THE BOWLING GREEN KY CLIMATE NORMALS FOR TODAY
                         NORMAL    RECORD    YEAR
 MAXIMUM TEMPERATURE (F)   62        90      1910
 MINIMUM TEMPERATURE (F)   39         4      1885


SUNRISE AND SUNSET
MARCH 23 2015.........SUNRISE   645 AM CDT   SUNSET   700 PM CDT
MARCH 24 2015.........SUNRISE   644 AM CDT   SUNSET   701 PM CDT


-  INDICATES NEGATIVE NUMBERS.
R  INDICATES RECORD WAS SET OR TIED.
MM INDICATES DATA IS MISSING.
T  INDICATES TRACE AMOUNT.




$$
