000
CDUS43 KLMK 050626
CLIBWG


CLIMATE REPORT
NATIONAL WEATHER SERVICE LOUISVILLE KY
226 AM EDT TUE MAY 5 2015


...................................

...THE BOWLING GREEN KY CLIMATE SUMMARY FOR MAY 4 2015...

CLIMATE NORMAL PERIOD 1981 TO 2010
CLIMATE RECORD PERIOD 1870 TO 2015


WEATHER ITEM   OBSERVED TIME   RECORD YEAR NORMAL DEPARTURE LAST
                VALUE   (LST)  VALUE       VALUE  FROM      YEAR
                                                  NORMAL
..................................................................
TEMPERATURE (F)
 YESTERDAY
  MAXIMUM         83    306 PM  95    1901  75      8       85
  MINIMUM         53    534 AM  32    1976  51      2       47
                                      1954
  AVERAGE         68                        63      5       66

PRECIPITATION (IN)
  YESTERDAY        0.00          1.65 2013   0.19  -0.19     0.00
  MONTH TO DATE    0.00                      0.72  -0.72      T
  SINCE MAR 1     15.35                      9.47   5.88    10.30
  SINCE JAN 1     21.23                     17.04   4.19    17.47

SNOWFALL (IN)
  YESTERDAY        0.0           0.0    MM   0.0    0.0      0.0
  MONTH TO DATE    0.0                       0.0    0.0      0.0
  SINCE MAR 1      7.2                       1.3    5.9      5.1
  SINCE JUL 1     23.5                       9.1   14.4     10.4
  SNOW DEPTH       0

DEGREE DAYS
 HEATING
  YESTERDAY        0                         4     -4        0
  MONTH TO DATE   16                        17     -1       28
  SINCE MAR 1    728                       788    -60      876
  SINCE JUL 1   4263                      3986    277     4485

 COOLING
  YESTERDAY        3                         2      1        1
  MONTH TO DATE    3                         8     -5        1
  SINCE MAR 1     38                        44     -6       15
  SINCE JAN 1     38                        44     -6       15
..................................................................


WIND (MPH)
  HIGHEST WIND SPEED    15   HIGHEST WIND DIRECTION     S (200)
  HIGHEST GUST SPEED    19   HIGHEST GUST DIRECTION    SW (220)
  AVERAGE WIND SPEED     4.8


SKY COVER
  POSSIBLE SUNSHINE  MM
  AVERAGE SKY COVER 0.2


WEATHER CONDITIONS
 THE FOLLOWING WEATHER WAS RECORDED YESTERDAY.
  NO SIGNIFICANT WEATHER WAS OBSERVED.


RELATIVE HUMIDITY (PERCENT)
 HIGHEST    89           500 AM
 LOWEST     40           200 PM
 AVERAGE    65

..........................................................


THE BOWLING GREEN KY CLIMATE NORMALS FOR TODAY
                         NORMAL    RECORD    YEAR
 MAXIMUM TEMPERATURE (F)   75        94      1952
 MINIMUM TEMPERATURE (F)   52        35      1907
                                             1903


SUNRISE AND SUNSET
MAY  5 2015...........SUNRISE   547 AM CDT   SUNSET   738 PM CDT
MAY  6 2015...........SUNRISE   546 AM CDT   SUNSET   739 PM CDT


-  INDICATES NEGATIVE NUMBERS.
R  INDICATES RECORD WAS SET OR TIED.
MM INDICATES DATA IS MISSING.
T  INDICATES TRACE AMOUNT.




$$
