000
CDUS43 KLMK 240631
CLIBWG


CLIMATE REPORT
NATIONAL WEATHER SERVICE LOUISVILLE KY
230 AM EDT FRI APR 24 2015


...................................

...THE BOWLING GREEN KY CLIMATE SUMMARY FOR APRIL 23 2015...

CLIMATE NORMAL PERIOD 1981 TO 2010
CLIMATE RECORD PERIOD 1870 TO 2015


WEATHER ITEM   OBSERVED TIME   RECORD YEAR NORMAL DEPARTURE LAST
                VALUE   (LST)  VALUE       VALUE  FROM      YEAR
                                                  NORMAL
..................................................................
TEMPERATURE (F)
 YESTERDAY
  MAXIMUM         64    321 PM  95    1925  72     -8       68
  MINIMUM         38    524 AM  29    1986  48    -10       41
  AVERAGE         51                        60     -9       55

PRECIPITATION (IN)
  YESTERDAY        0.00          1.80 1983   0.16  -0.16     0.00
  MONTH TO DATE    8.80                      3.22   5.58     3.05
  SINCE MAR 1     15.07                      7.63   7.44     6.78
  SINCE JAN 1     20.95                     15.20   5.75    13.95

SNOWFALL (IN)
  YESTERDAY        0.0           0.0    MM   0.0    0.0      0.0
  MONTH TO DATE    0.0                       0.2   -0.2       T
  SINCE MAR 1      7.2                       1.3    5.9      5.1
  SINCE JUL 1     23.5                       9.1   14.4     10.4
  SNOW DEPTH       0

DEGREE DAYS
 HEATING
  YESTERDAY       14                         6      8       10
  MONTH TO DATE  114                       213    -99      175
  SINCE MAR 1    654                       733    -79      828
  SINCE JUL 1   4189                      3931    258     4437

 COOLING
  YESTERDAY        0                         1     -1        0
  MONTH TO DATE   31                        22      9       12
  SINCE MAR 1     31                        27      4       12
  SINCE JAN 1     31                        27      4       12
..................................................................


WIND (MPH)
  HIGHEST WIND SPEED    16   HIGHEST WIND DIRECTION     W (280)
  HIGHEST GUST SPEED    25   HIGHEST GUST DIRECTION     W (280)
  AVERAGE WIND SPEED     4.1


SKY COVER
  POSSIBLE SUNSHINE  MM
  AVERAGE SKY COVER 0.1


WEATHER CONDITIONS
 THE FOLLOWING WEATHER WAS RECORDED YESTERDAY.
  NO SIGNIFICANT WEATHER WAS OBSERVED.


RELATIVE HUMIDITY (PERCENT)
 HIGHEST    85           500 AM
 LOWEST     20           500 PM
 AVERAGE    53

..........................................................


THE BOWLING GREEN KY CLIMATE NORMALS FOR TODAY
                         NORMAL    RECORD    YEAR
 MAXIMUM TEMPERATURE (F)   72        96      1925
 MINIMUM TEMPERATURE (F)   48        28      1887


SUNRISE AND SUNSET
APRIL 24 2015.........SUNRISE   600 AM CDT   SUNSET   728 PM CDT
APRIL 25 2015.........SUNRISE   559 AM CDT   SUNSET   729 PM CDT


-  INDICATES NEGATIVE NUMBERS.
R  INDICATES RECORD WAS SET OR TIED.
MM INDICATES DATA IS MISSING.
T  INDICATES TRACE AMOUNT.

$$

SCHOETTMER
