000
CDUS43 KLMK 152030
CLIBWG

CLIMATE REPORT
NATIONAL WEATHER SERVICE LOUISVILLE KY
427 PM EDT WED APR 15 2015


...................................

...THE BOWLING GREEN CLIMATE SUMMARY FOR APRIL 15 2015...
VALID TODAY AS OF 0400 PM LOCAL TIME.

CLIMATE NORMAL PERIOD 1981 TO 2010
CLIMATE RECORD PERIOD 1870 TO 2015


WEATHER ITEM   OBSERVED TIME   RECORD YEAR NORMAL DEPARTURE LAST
                VALUE   (LST)  VALUE       VALUE  FROM      YEAR
                                                  NORMAL
..................................................................
TEMPERATURE (F)
 TODAY
  MAXIMUM         62    100 PM  88    1936  70     -8       47
                                      1931
                                      1924
  MINIMUM         56    604 AM  25    1950  45     11       34
  AVERAGE         59                        58      1       41

PRECIPITATION (IN)
  TODAY            0.06          1.18 1994   0.13  -0.07     0.16
  MONTH TO DATE    5.81                      2.02   3.79     3.05
  SINCE MAR 1     12.08                      6.43   5.65     6.78
  SINCE JAN 1     17.96                     14.00   3.96    13.95

SNOWFALL (IN)
  TODAY            0.0           T    2014   0.0    0.0       T
  MONTH TO DATE    0.0                       0.2   -0.2       T
  SINCE MAR 1      7.2                       1.3    5.9      5.1
  SINCE JUL 1     23.5                       9.1   14.4     10.4
  SNOW DEPTH       0

DEGREE DAYS
 HEATING
  TODAY            6                         8     -2       24
  MONTH TO DATE   76                       155    -79      110
  SINCE MAR 1    616                       675    -59      763
  SINCE JUL 1   4151                      3873    278     4372

 COOLING
  TODAY            0                         1     -1        0
  MONTH TO DATE   28                        14     14       12
  SINCE MAR 1     28                        19      9       12
  SINCE JAN 1     28                        19      9       12
..................................................................


WIND (MPH)
  HIGHEST WIND SPEED    13   HIGHEST WIND DIRECTION     E (70)
  HIGHEST GUST SPEED    10   HIGHEST GUST DIRECTION     E (80)
  AVERAGE WIND SPEED     8.9


SKY COVER
  POSSIBLE SUNSHINE  MM
  AVERAGE SKY COVER 1.0


WEATHER CONDITIONS
 THE FOLLOWING WEATHER WAS RECORDED TODAY.
  RAIN
  LIGHT RAIN


RELATIVE HUMIDITY (PERCENT)
 HIGHEST    84          1200 PM
 LOWEST     62           100 AM
 AVERAGE    73

..........................................................


THE BOWLING GREEN CLIMATE NORMALS FOR TOMORROW
                         NORMAL    RECORD    YEAR
 MAXIMUM TEMPERATURE (F)   70        89      1924
 MINIMUM TEMPERATURE (F)   46        27      2014
                                             1928


SUNRISE AND SUNSET
APRIL 15 2015.........SUNRISE   612 AM CDT   SUNSET   720 PM CDT
APRIL 16 2015.........SUNRISE   611 AM CDT   SUNSET   721 PM CDT


-  INDICATES NEGATIVE NUMBERS.
R  INDICATES RECORD WAS SET OR TIED.
MM INDICATES DATA IS MISSING.
T  INDICATES TRACE AMOUNT.




$$
