000
CDUS43 KLMK 302028
CLIBWG


CLIMATE REPORT
NATIONAL WEATHER SERVICE LOUISVILLE KY
428 PM EDT THU APR 30 2015


...................................

...THE BOWLING GREEN CLIMATE SUMMARY FOR APRIL 30 2015...
VALID TODAY AS OF 0400 PM LOCAL TIME.

CLIMATE NORMAL PERIOD 1981 TO 2010
CLIMATE RECORD PERIOD 1870 TO 2015


WEATHER ITEM   OBSERVED TIME   RECORD YEAR NORMAL DEPARTURE LAST
                VALUE   (LST)  VALUE       VALUE  FROM      YEAR
                                                  NORMAL
..................................................................
TEMPERATURE (F)
 TODAY
  MAXIMUM         62    110 PM  92    1942  74    -12       68
                                      1894
  MINIMUM         45    811 AM  33    1908  50     -5       49
  AVERAGE         54                        62     -8       59

PRECIPITATION (IN)
  TODAY            T             3.00 1911   0.16  -0.16      T
  MONTH TO DATE    9.08                      4.34   4.74     6.57
  SINCE MAR 1     15.35                      8.75   6.60    10.30
  SINCE JAN 1     21.23                     16.32   4.91    17.47

SNOWFALL (IN)
  TODAY            0.0           1.0  1908   0.0    0.0      0.0
  MONTH TO DATE    0.0                       0.2   -0.2       T
  SINCE MAR 1      7.2                       1.3    5.9      5.1
  SINCE JUL 1     23.5                       9.1   14.4     10.4
  SNOW DEPTH       0

DEGREE DAYS
 HEATING
  TODAY           11                         5      6        6
  MONTH TO DATE  174                       251    -77      195
  SINCE MAR 1    714                       771    -57      848
  SINCE JUL 1   4249                      3969    280     4457

 COOLING
  TODAY            0                         2     -2        0
  MONTH TO DATE   35                        31      4       14
  SINCE MAR 1     35                        36     -1       14
  SINCE JAN 1     35                        36     -1       14
..................................................................


WIND (MPH)
  HIGHEST WIND SPEED    10   HIGHEST WIND DIRECTION    NE (30)
  HIGHEST GUST SPEED    18   HIGHEST GUST DIRECTION    NE (30)
  AVERAGE WIND SPEED     3.3


SKY COVER
  POSSIBLE SUNSHINE  MM
  AVERAGE SKY COVER 0.5


WEATHER CONDITIONS
 THE FOLLOWING WEATHER WAS RECORDED TODAY.
  LIGHT RAIN


RELATIVE HUMIDITY (PERCENT)
 HIGHEST    86           300 AM
 LOWEST     51           100 PM
 AVERAGE    69

..........................................................


THE BOWLING GREEN CLIMATE NORMALS FOR TOMORROW
                         NORMAL    RECORD    YEAR
 MAXIMUM TEMPERATURE (F)   74        93      1901
 MINIMUM TEMPERATURE (F)   50        30      1963


SUNRISE AND SUNSET
APRIL 30 2015.........SUNRISE   553 AM CDT   SUNSET   734 PM CDT
MAY  1 2015...........SUNRISE   552 AM CDT   SUNSET   734 PM CDT


-  INDICATES NEGATIVE NUMBERS.
R  INDICATES RECORD WAS SET OR TIED.
MM INDICATES DATA IS MISSING.
T  INDICATES TRACE AMOUNT.




$$
