000
CDUS43 KLMK 230633
CLIBWG


CLIMATE REPORT
NATIONAL WEATHER SERVICE LOUISVILLE KY
232 AM EDT THU APR 23 2015


...................................

...THE BOWLING GREEN KY CLIMATE SUMMARY FOR APRIL 22 2015...

CLIMATE NORMAL PERIOD 1981 TO 2010
CLIMATE RECORD PERIOD 1870 TO 2015


WEATHER ITEM   OBSERVED TIME   RECORD YEAR NORMAL DEPARTURE LAST
                VALUE   (LST)  VALUE       VALUE  FROM      YEAR
                                                  NORMAL
..................................................................
TEMPERATURE (F)
 YESTERDAY
  MAXIMUM         65    225 PM  89    1873  72     -7       76
  MINIMUM         43   1159 PM  31    1927  48     -5       48
  AVERAGE         54                        60     -6       62

PRECIPITATION (IN)
  YESTERDAY        0.00          1.63 1931   0.15  -0.15      T
  MONTH TO DATE    8.80                      3.06   5.74     3.05
  SINCE MAR 1     15.07                      7.47   7.60     6.78
  SINCE JAN 1     20.95                     15.04   5.91    13.95

SNOWFALL (IN)
  YESTERDAY        0.0           0.6  1896   0.0    0.0      0.0
  MONTH TO DATE    0.0                       0.2   -0.2       T
  SINCE MAR 1      7.2                       1.3    5.9      5.1
  SINCE JUL 1     23.5                       9.1   14.4     10.4
  SNOW DEPTH       0

DEGREE DAYS
 HEATING
  YESTERDAY       11                         7      4        3
  MONTH TO DATE  100                       207   -107      165
  SINCE MAR 1    640                       727    -87      818
  SINCE JUL 1   4175                      3925    250     4427

 COOLING
  YESTERDAY        0                         1     -1        0
  MONTH TO DATE   31                        21     10       12
  SINCE MAR 1     31                        26      5       12
  SINCE JAN 1     31                        26      5       12
..................................................................


WIND (MPH)
  HIGHEST WIND SPEED    20   HIGHEST WIND DIRECTION     W (280)
  HIGHEST GUST SPEED    24   HIGHEST GUST DIRECTION     W (280)
  AVERAGE WIND SPEED     8.0


SKY COVER
  POSSIBLE SUNSHINE  MM
  AVERAGE SKY COVER 0.2


WEATHER CONDITIONS
 THE FOLLOWING WEATHER WAS RECORDED YESTERDAY.
  NO SIGNIFICANT WEATHER WAS OBSERVED.


RELATIVE HUMIDITY (PERCENT)
 HIGHEST    72           100 AM
 LOWEST     33           600 PM
 AVERAGE    53

..........................................................


THE BOWLING GREEN KY CLIMATE NORMALS FOR TODAY
                         NORMAL    RECORD    YEAR
 MAXIMUM TEMPERATURE (F)   72        95      1925
 MINIMUM TEMPERATURE (F)   48        29      1986


SUNRISE AND SUNSET
APRIL 23 2015.........SUNRISE   601 AM CDT   SUNSET   727 PM CDT
APRIL 24 2015.........SUNRISE   600 AM CDT   SUNSET   728 PM CDT


-  INDICATES NEGATIVE NUMBERS.
R  INDICATES RECORD WAS SET OR TIED.
MM INDICATES DATA IS MISSING.
T  INDICATES TRACE AMOUNT.




$$
