000
CDUS43 KLMK 220629
CLIBWG


CLIMATE REPORT
NATIONAL WEATHER SERVICE LOUISVILLE KY
228 AM EDT WED APR 22 2015


...................................

...THE BOWLING GREEN KY CLIMATE SUMMARY FOR APRIL 21 2015...

CLIMATE NORMAL PERIOD 1981 TO 2010
CLIMATE RECORD PERIOD 1870 TO 2015


WEATHER ITEM   OBSERVED TIME   RECORD YEAR NORMAL DEPARTURE LAST
                VALUE   (LST)  VALUE       VALUE  FROM      YEAR
                                                  NORMAL
..................................................................
TEMPERATURE (F)
 YESTERDAY
  MAXIMUM         68    147 PM  89    1963  71     -3       79
  MINIMUM         46    528 AM  24    1888  47     -1       47
  AVERAGE         57                        59     -2       63

PRECIPITATION (IN)
  YESTERDAY        0.07          1.89 1967   0.15  -0.08      T
  MONTH TO DATE    8.80                      2.91   5.89     3.05
  SINCE MAR 1     15.07                      7.32   7.75     6.78
  SINCE JAN 1     20.95                     14.89   6.06    13.95

SNOWFALL (IN)
  YESTERDAY        0.0           0.0    MM   0.0    0.0      0.0
  MONTH TO DATE    0.0                       0.2   -0.2       T
  SINCE MAR 1      7.2                       1.3    5.9      5.1
  SINCE JUL 1     23.5                       9.1   14.4     10.4
  SNOW DEPTH       0

DEGREE DAYS
 HEATING
  YESTERDAY        8                         7      1        2
  MONTH TO DATE   89                       200   -111      162
  SINCE MAR 1    629                       720    -91      815
  SINCE JUL 1   4164                      3918    246     4424

 COOLING
  YESTERDAY        0                         1     -1        0
  MONTH TO DATE   31                        20     11       12
  SINCE MAR 1     31                        25      6       12
  SINCE JAN 1     31                        25      6       12
..................................................................


WIND (MPH)
  HIGHEST WIND SPEED    23   HIGHEST WIND DIRECTION     W (250)
  HIGHEST GUST SPEED    31   HIGHEST GUST DIRECTION     W (250)
  AVERAGE WIND SPEED    10.4


SKY COVER
  POSSIBLE SUNSHINE  MM
  AVERAGE SKY COVER 0.6


WEATHER CONDITIONS
 THE FOLLOWING WEATHER WAS RECORDED YESTERDAY.
  LIGHT RAIN


RELATIVE HUMIDITY (PERCENT)
 HIGHEST    89          1000 PM
 LOWEST     29           100 PM
 AVERAGE    59

..........................................................


THE BOWLING GREEN KY CLIMATE NORMALS FOR TODAY
                         NORMAL    RECORD    YEAR
 MAXIMUM TEMPERATURE (F)   72        89      1873
 MINIMUM TEMPERATURE (F)   48        31      1927


SUNRISE AND SUNSET
APRIL 22 2015.........SUNRISE   603 AM CDT   SUNSET   726 PM CDT
APRIL 23 2015.........SUNRISE   601 AM CDT   SUNSET   727 PM CDT


-  INDICATES NEGATIVE NUMBERS.
R  INDICATES RECORD WAS SET OR TIED.
MM INDICATES DATA IS MISSING.
T  INDICATES TRACE AMOUNT.

$$

SCHOETTMER
