000
CDUS43 KLMK 202042
CLIBWG


CLIMATE REPORT
NATIONAL WEATHER SERVICE LOUISVILLE KY
440 PM EDT MON APR 20 2015


...................................

...THE BOWLING GREEN CLIMATE SUMMARY FOR APRIL 20 2015...
VALID TODAY AS OF 0400 PM LOCAL TIME.

CLIMATE NORMAL PERIOD 1981 TO 2010
CLIMATE RECORD PERIOD 1870 TO 2015


WEATHER ITEM   OBSERVED TIME   RECORD YEAR NORMAL DEPARTURE LAST
                VALUE   (LST)  VALUE       VALUE  FROM      YEAR
                                                  NORMAL
..................................................................
TEMPERATURE (F)
 TODAY
  MAXIMUM         64    832 AM  87    1964  71     -7       77
  MINIMUM         55   1250 PM  28    1983  47      8       43
                                      1926
  AVERAGE         60                        59      1       60

PRECIPITATION (IN)
  TODAY            0.48          1.86 1995   0.16   0.32     0.00
  MONTH TO DATE    8.73                      2.76   5.97     3.05
  SINCE MAR 1     15.00                      7.17   7.83     6.78
  SINCE JAN 1     20.88                     14.74   6.14    13.95

SNOWFALL (IN)
  TODAY            0.0           5.0  1904   0.0    0.0      0.0
  MONTH TO DATE    0.0                       0.2   -0.2       T
  SINCE MAR 1      7.2                       1.3    5.9      5.1
  SINCE JUL 1     23.5                       9.1   14.4     10.4
  SNOW DEPTH       0

DEGREE DAYS
 HEATING
  TODAY            5                         7     -2        5
  MONTH TO DATE   79                       193   -114      160
  SINCE MAR 1    619                       713    -94      813
  SINCE JUL 1   4154                      3911    243     4422

 COOLING
  TODAY            0                         1     -1        0
  MONTH TO DATE   31                        19     12       12
  SINCE MAR 1     31                        24      7       12
  SINCE JAN 1     31                        24      7       12
..................................................................


WIND (MPH)
  HIGHEST WIND SPEED    28   HIGHEST WIND DIRECTION     W (250)
  HIGHEST GUST SPEED    38   HIGHEST GUST DIRECTION     W (250)
  AVERAGE WIND SPEED    11.3


SKY COVER
  POSSIBLE SUNSHINE  MM
  AVERAGE SKY COVER 0.7


WEATHER CONDITIONS
 THE FOLLOWING WEATHER WAS RECORDED TODAY.
  THUNDERSTORM
  HEAVY RAIN
  RAIN
  LIGHT RAIN
  FOG


RELATIVE HUMIDITY (PERCENT)
 HIGHEST    93           400 AM
 LOWEST     72           900 AM
 AVERAGE    83

..........................................................


THE BOWLING GREEN CLIMATE NORMALS FOR TOMORROW
                         NORMAL    RECORD    YEAR
 MAXIMUM TEMPERATURE (F)   71        89      1963
 MINIMUM TEMPERATURE (F)   47        24      1888


SUNRISE AND SUNSET
APRIL 20 2015.........SUNRISE   605 AM CDT   SUNSET   725 PM CDT
APRIL 21 2015.........SUNRISE   604 AM CDT   SUNSET   726 PM CDT


-  INDICATES NEGATIVE NUMBERS.
R  INDICATES RECORD WAS SET OR TIED.
MM INDICATES DATA IS MISSING.
T  INDICATES TRACE AMOUNT.




$$
