000
CDUS43 KLMK 112029
CLIBWG


CLIMATE REPORT
NATIONAL WEATHER SERVICE LOUISVILLE KY
429 PM EDT SAT APR 11 2015


...................................

...THE BOWLING GREEN CLIMATE SUMMARY FOR APRIL 11 2015...
VALID TODAY AS OF 0400 PM LOCAL TIME.

CLIMATE NORMAL PERIOD 1981 TO 2010
CLIMATE RECORD PERIOD 1870 TO 2015


WEATHER ITEM   OBSERVED TIME   RECORD YEAR NORMAL DEPARTURE LAST
                VALUE   (LST)  VALUE       VALUE  FROM      YEAR
                                                  NORMAL
..................................................................
TEMPERATURE (F)
 TODAY
  MAXIMUM         67    200 PM  92    1930  69     -2       75
  MINIMUM         41    710 AM  24    1989  44     -3       56
                                      1973
  AVERAGE         54                        56     -2       66

PRECIPITATION (IN)
  TODAY            0.00          2.41 2011   0.14  -0.14     0.05
  MONTH TO DATE    3.51                      1.48   2.03     2.36
  SINCE MAR 1      9.78                      5.89   3.89     6.09
  SINCE JAN 1     15.66                     13.46   2.20    13.26

SNOWFALL (IN)
  TODAY            0.0           0.0    MM   0.0    0.0      0.0
  MONTH TO DATE    0.0                       0.1   -0.1      0.0
  SINCE MAR 1      7.2                       1.2    6.0      5.1
  SINCE JUL 1     23.5                       9.0   14.5     10.4
  SNOW DEPTH       0

DEGREE DAYS
 HEATING
  TODAY           11                        10      1        0
  MONTH TO DATE   66                       120    -54       78
  SINCE MAR 1    606                       640    -34      731
  SINCE JUL 1   4141                      3838    303     4340

 COOLING
  TODAY            0                         1     -1        1
  MONTH TO DATE   26                        10     16        4
  SINCE MAR 1     26                        15     11        4
  SINCE JAN 1     26                        15     11        4
..................................................................


WIND (MPH)
  HIGHEST WIND SPEED    10   HIGHEST WIND DIRECTION    NE (60)
  HIGHEST GUST SPEED    10   HIGHEST GUST DIRECTION     S (160)
  AVERAGE WIND SPEED     3.9


SKY COVER
  POSSIBLE SUNSHINE   0 PERCENT
  AVERAGE SKY COVER 0.0


WEATHER CONDITIONS
 THE FOLLOWING WEATHER WAS RECORDED TODAY.
  NO SIGNIFICANT WEATHER WAS OBSERVED.


RELATIVE HUMIDITY (PERCENT)
 HIGHEST     0          1200 AM
 LOWEST      0          1200 AM
 AVERAGE     0

..........................................................


THE BOWLING GREEN CLIMATE NORMALS FOR TOMORROW
                         NORMAL    RECORD    YEAR
 MAXIMUM TEMPERATURE (F)   69        94      1906
 MINIMUM TEMPERATURE (F)   45        26      1940


SUNRISE AND SUNSET
APRIL 11 2015.........SUNRISE   617 AM CDT   SUNSET   717 PM CDT
APRIL 12 2015.........SUNRISE   616 AM CDT   SUNSET   718 PM CDT


-  INDICATES NEGATIVE NUMBERS.
R  INDICATES RECORD WAS SET OR TIED.
MM INDICATES DATA IS MISSING.
T  INDICATES TRACE AMOUNT.




$$
