000
CDUS43 KLMK 120627
CLIBWG


CLIMATE REPORT
NATIONAL WEATHER SERVICE LOUISVILLE KY
226 AM EDT SUN APR 12 2015


...................................

...THE BOWLING GREEN KY CLIMATE SUMMARY FOR APRIL 11 2015...

CLIMATE NORMAL PERIOD 1981 TO 2010
CLIMATE RECORD PERIOD 1870 TO 2015


WEATHER ITEM   OBSERVED TIME   RECORD YEAR NORMAL DEPARTURE LAST
                VALUE   (LST)  VALUE       VALUE  FROM      YEAR
                                                  NORMAL
..................................................................
TEMPERATURE (F)
 YESTERDAY
  MAXIMUM         70    349 PM  92    1930  69      1       75
  MINIMUM         41    553 AM  24    1989  44     -3       56
                                      1973
  AVERAGE         56                        56      0       66

PRECIPITATION (IN)
  YESTERDAY        0.00          2.41 2011   0.14  -0.14     0.05
  MONTH TO DATE    3.51                      1.48   2.03     2.36
  SINCE MAR 1      9.78                      5.89   3.89     6.09
  SINCE JAN 1     15.66                     13.46   2.20    13.26

SNOWFALL (IN)
  YESTERDAY        0.0           0.0    MM   0.0    0.0      0.0
  MONTH TO DATE    0.0                       0.1   -0.1      0.0
  SINCE MAR 1      7.2                       1.2    6.0      5.1
  SINCE JUL 1     23.5                       9.0   14.5     10.4
  SNOW DEPTH       0

DEGREE DAYS
 HEATING
  YESTERDAY        9                        10     -1        0
  MONTH TO DATE   64                       120    -56       78
  SINCE MAR 1    604                       640    -36      731
  SINCE JUL 1   4139                      3838    301     4340

 COOLING
  YESTERDAY        0                         1     -1        1
  MONTH TO DATE   26                        10     16        4
  SINCE MAR 1     26                        15     11        4
  SINCE JAN 1     26                        15     11        4
..................................................................


WIND (MPH)
  HIGHEST WIND SPEED    13   HIGHEST WIND DIRECTION    NE (50)
  HIGHEST GUST SPEED    16   HIGHEST GUST DIRECTION    NE (60)
  AVERAGE WIND SPEED     3.4


SKY COVER
  POSSIBLE SUNSHINE  MM
  AVERAGE SKY COVER 0.0


WEATHER CONDITIONS
 THE FOLLOWING WEATHER WAS RECORDED YESTERDAY.
  NO SIGNIFICANT WEATHER WAS OBSERVED.


RELATIVE HUMIDITY (PERCENT)
 HIGHEST    89           300 AM
 LOWEST     20           400 PM
 AVERAGE    55

..........................................................


THE BOWLING GREEN KY CLIMATE NORMALS FOR TODAY
                         NORMAL    RECORD    YEAR
 MAXIMUM TEMPERATURE (F)   69        94      1906
 MINIMUM TEMPERATURE (F)   45        26      1940


SUNRISE AND SUNSET
APRIL 12 2015.........SUNRISE   616 AM CDT   SUNSET   718 PM CDT
APRIL 13 2015.........SUNRISE   615 AM CDT   SUNSET   719 PM CDT


-  INDICATES NEGATIVE NUMBERS.
R  INDICATES RECORD WAS SET OR TIED.
MM INDICATES DATA IS MISSING.
T  INDICATES TRACE AMOUNT.




$$
