000
CDUS43 KLMK 170626
CLIBWG


CLIMATE REPORT
NATIONAL WEATHER SERVICE LOUISVILLE KY
226 AM EDT FRI APR 17 2015


...................................

...THE BOWLING GREEN KY CLIMATE SUMMARY FOR APRIL 16 2015...

CLIMATE NORMAL PERIOD 1981 TO 2010
CLIMATE RECORD PERIOD 1870 TO 2015


WEATHER ITEM   OBSERVED TIME   RECORD YEAR NORMAL DEPARTURE LAST
                VALUE   (LST)  VALUE       VALUE  FROM      YEAR
                                                  NORMAL
..................................................................
TEMPERATURE (F)
 YESTERDAY
  MAXIMUM         71    402 PM  89    1924  70      1       57
  MINIMUM         59    327 AM  27    2014  46     13       27
                                      1928
  AVERAGE         65                        58      7       42

PRECIPITATION (IN)
  YESTERDAY        1.34          2.47 1947   0.14   1.20     0.00
  MONTH TO DATE    7.16                      2.16   5.00     3.05
  SINCE MAR 1     13.43                      6.57   6.86     6.78
  SINCE JAN 1     19.31                     14.14   5.17    13.95

SNOWFALL (IN)
  YESTERDAY        0.0           0.0    MM   0.0    0.0      0.0
  MONTH TO DATE    0.0                       0.2   -0.2       T
  SINCE MAR 1      7.2                       1.3    5.9      5.1
  SINCE JUL 1     23.5                       9.1   14.4     10.4
  SNOW DEPTH       0

DEGREE DAYS
 HEATING
  YESTERDAY        0                         8     -8       23
  MONTH TO DATE   74                       163    -89      133
  SINCE MAR 1    614                       683    -69      786
  SINCE JUL 1   4149                      3881    268     4395

 COOLING
  YESTERDAY        0                         1     -1        0
  MONTH TO DATE   28                        15     13       12
  SINCE MAR 1     28                        20      8       12
  SINCE JAN 1     28                        20      8       12
..................................................................


WIND (MPH)
  HIGHEST WIND SPEED    16   HIGHEST WIND DIRECTION    SE (150)
  HIGHEST GUST SPEED    20   HIGHEST GUST DIRECTION    SE (150)
  AVERAGE WIND SPEED     7.5


SKY COVER
  POSSIBLE SUNSHINE  MM
  AVERAGE SKY COVER 0.8


WEATHER CONDITIONS
 THE FOLLOWING WEATHER WAS RECORDED YESTERDAY.
  THUNDERSTORM
  HEAVY RAIN
  RAIN
  LIGHT RAIN
  FOG


RELATIVE HUMIDITY (PERCENT)
 HIGHEST    90          1200 AM
 LOWEST     73           100 PM
 AVERAGE    82

..........................................................


THE BOWLING GREEN KY CLIMATE NORMALS FOR TODAY
                         NORMAL    RECORD    YEAR
 MAXIMUM TEMPERATURE (F)   70        90      1955
                                             1914
                                             1909
 MINIMUM TEMPERATURE (F)   46        18      1875


SUNRISE AND SUNSET
APRIL 17 2015.........SUNRISE   609 AM CDT   SUNSET   722 PM CDT
APRIL 18 2015.........SUNRISE   608 AM CDT   SUNSET   723 PM CDT


-  INDICATES NEGATIVE NUMBERS.
R  INDICATES RECORD WAS SET OR TIED.
MM INDICATES DATA IS MISSING.
T  INDICATES TRACE AMOUNT.




$$
