000
CDUS43 KLMK 020631
CLIBWG


CLIMATE REPORT
NATIONAL WEATHER SERVICE LOUISVILLE KY
231 AM EDT SAT MAY 2 2015


...................................

...THE BOWLING GREEN KY CLIMATE SUMMARY FOR MAY 1 2015...

CLIMATE NORMAL PERIOD 1981 TO 2010
CLIMATE RECORD PERIOD 1870 TO 2015


WEATHER ITEM   OBSERVED TIME   RECORD YEAR NORMAL DEPARTURE LAST
                VALUE   (LST)  VALUE       VALUE  FROM      YEAR
                                                  NORMAL
..................................................................
TEMPERATURE (F)
 YESTERDAY
  MAXIMUM         71    432 PM  93    1901  74     -3       64
  MINIMUM         40    458 AM  30    1963  50    -10       46
  AVERAGE         56                        62     -6       55

PRECIPITATION (IN)
  YESTERDAY        0.00          4.75 2010   0.18  -0.18      T
  MONTH TO DATE    0.00                      0.18  -0.18      T
  SINCE MAR 1     15.35                      8.93   6.42    10.30
  SINCE JAN 1     21.23                     16.50   4.73    17.47

SNOWFALL (IN)
  YESTERDAY        0.0           0.0    MM   0.0    0.0      0.0
  MONTH TO DATE    0.0                       0.0    0.0      0.0
  SINCE MAR 1      7.2                       1.3    5.9      5.1
  SINCE JUL 1     23.5                       9.1   14.4     10.4
  SNOW DEPTH       0

DEGREE DAYS
 HEATING
  YESTERDAY        9                         5      4       10
  MONTH TO DATE    9                         5      4       10
  SINCE MAR 1    721                       776    -55      858
  SINCE JUL 1   4256                      3974    282     4467

 COOLING
  YESTERDAY        0                         2     -2        0
  MONTH TO DATE    0                         2     -2        0
  SINCE MAR 1     35                        38     -3       14
  SINCE JAN 1     35                        38     -3       14
..................................................................


WIND (MPH)
  HIGHEST WIND SPEED    12   HIGHEST WIND DIRECTION     N (10)
  HIGHEST GUST SPEED    17   HIGHEST GUST DIRECTION     N (10)
  AVERAGE WIND SPEED     3.8


SKY COVER
  POSSIBLE SUNSHINE  MM
  AVERAGE SKY COVER 0.1


WEATHER CONDITIONS
 THE FOLLOWING WEATHER WAS RECORDED YESTERDAY.
  NO SIGNIFICANT WEATHER WAS OBSERVED.


RELATIVE HUMIDITY (PERCENT)
 HIGHEST    85           500 AM
 LOWEST     37           400 PM
 AVERAGE    61

..........................................................


THE BOWLING GREEN KY CLIMATE NORMALS FOR TODAY
                         NORMAL    RECORD    YEAR
 MAXIMUM TEMPERATURE (F)   74        93      1901
 MINIMUM TEMPERATURE (F)   51        31      1963
                                             1909


SUNRISE AND SUNSET
MAY  2 2015...........SUNRISE   551 AM CDT   SUNSET   735 PM CDT
MAY  3 2015...........SUNRISE   550 AM CDT   SUNSET   736 PM CDT


-  INDICATES NEGATIVE NUMBERS.
R  INDICATES RECORD WAS SET OR TIED.
MM INDICATES DATA IS MISSING.
T  INDICATES TRACE AMOUNT.




$$
