000
CDUS43 KLMK 282030
CLIBWG

CLIMATE REPORT
NATIONAL WEATHER SERVICE LOUISVILLE KY
428 PM EDT TUE APR 28 2015


...................................

...THE BOWLING GREEN CLIMATE SUMMARY FOR APRIL 28 2015...
VALID TODAY AS OF 0400 PM LOCAL TIME.

CLIMATE NORMAL PERIOD 1981 TO 2010
CLIMATE RECORD PERIOD 1870 TO 2015


WEATHER ITEM   OBSERVED TIME   RECORD YEAR NORMAL DEPARTURE LAST
                VALUE   (LST)  VALUE       VALUE  FROM      YEAR
                                                  NORMAL
..................................................................
TEMPERATURE (F)
 TODAY
  MAXIMUM         65    100 PM  91    1906  73     -8       70
  MINIMUM         42    720 AM  33    1934  50     -8       61
  AVERAGE         54                        61     -7       66

PRECIPITATION (IN)
  TODAY            0.00          2.50 2014   0.15  -0.15     2.50
  MONTH TO DATE    9.08                      4.02   5.06     6.52
  SINCE MAR 1     15.35                      8.43   6.92    10.25
  SINCE JAN 1     21.23                     16.00   5.23    17.42

SNOWFALL (IN)
  TODAY            0.0           0.0    MM   0.0    0.0      0.0
  MONTH TO DATE    0.0                       0.2   -0.2       T
  SINCE MAR 1      7.2                       1.3    5.9      5.1
  SINCE JUL 1     23.5                       9.1   14.4     10.4
  SNOW DEPTH       0

DEGREE DAYS
 HEATING
  TODAY           11                         5      6        0
  MONTH TO DATE  156                       241    -85      189
  SINCE MAR 1    696                       761    -65      842
  SINCE JUL 1   4231                      3959    272     4451

 COOLING
  TODAY            0                         1     -1        1
  MONTH TO DATE   35                        27      8       13
  SINCE MAR 1     35                        32      3       13
  SINCE JAN 1     35                        32      3       13
..................................................................


WIND (MPH)
  HIGHEST WIND SPEED    13   HIGHEST WIND DIRECTION    NE (60)
  HIGHEST GUST SPEED    16   HIGHEST GUST DIRECTION     N (350)
  AVERAGE WIND SPEED     6.9


SKY COVER
  POSSIBLE SUNSHINE  MM
  AVERAGE SKY COVER 0.0


WEATHER CONDITIONS
 THE FOLLOWING WEATHER WAS RECORDED TODAY.
  NO SIGNIFICANT WEATHER WAS OBSERVED.


RELATIVE HUMIDITY (PERCENT)
 HIGHEST    82           400 AM
 LOWEST     39          1200 PM
 AVERAGE    61

..........................................................


THE BOWLING GREEN CLIMATE NORMALS FOR TOMORROW
                         NORMAL    RECORD    YEAR
 MAXIMUM TEMPERATURE (F)   73        91      1894
 MINIMUM TEMPERATURE (F)   50        31      1907


SUNRISE AND SUNSET
APRIL 28 2015.........SUNRISE   555 AM CDT   SUNSET   732 PM CDT
APRIL 29 2015.........SUNRISE   554 AM CDT   SUNSET   733 PM CDT


-  INDICATES NEGATIVE NUMBERS.
R  INDICATES RECORD WAS SET OR TIED.
MM INDICATES DATA IS MISSING.
T  INDICATES TRACE AMOUNT.




$$
