000
CDUS43 KLMK 060626
CLIBWG


CLIMATE REPORT
NATIONAL WEATHER SERVICE LOUISVILLE KY
226 AM EDT WED MAY 6 2015


...................................

...THE BOWLING GREEN KY CLIMATE SUMMARY FOR MAY 5 2015...

CLIMATE NORMAL PERIOD 1981 TO 2010
CLIMATE RECORD PERIOD 1870 TO 2015


WEATHER ITEM   OBSERVED TIME   RECORD YEAR NORMAL DEPARTURE LAST
                VALUE   (LST)  VALUE       VALUE  FROM      YEAR
                                                  NORMAL
..................................................................
TEMPERATURE (F)
 YESTERDAY
  MAXIMUM         85    230 PM  94    1952  75     10       86
  MINIMUM         53    448 AM  35    1907  52      1       53
                                      1903
  AVERAGE         69                        63      6       70

PRECIPITATION (IN)
  YESTERDAY        0.00          3.85 1914   0.19  -0.19     0.00
  MONTH TO DATE    0.00                      0.91  -0.91      T
  SINCE MAR 1     15.35                      9.66   5.69    10.30
  SINCE JAN 1     21.23                     17.23   4.00    17.47

SNOWFALL (IN)
  YESTERDAY        0.0           0.0    MM   0.0    0.0      0.0
  MONTH TO DATE    0.0                       0.0    0.0      0.0
  SINCE MAR 1      7.2                       1.3    5.9      5.1
  SINCE JUL 1     23.5                       9.1   14.4     10.4
  SNOW DEPTH       0

DEGREE DAYS
 HEATING
  YESTERDAY        0                         4     -4        0
  MONTH TO DATE   16                        21     -5       28
  SINCE MAR 1    728                       792    -64      876
  SINCE JUL 1   4263                      3990    273     4485

 COOLING
  YESTERDAY        4                         2      2        5
  MONTH TO DATE    7                        10     -3        6
  SINCE MAR 1     42                        46     -4       20
  SINCE JAN 1     42                        46     -4       20
..................................................................


WIND (MPH)
  HIGHEST WIND SPEED    12   HIGHEST WIND DIRECTION    SE (140)
  HIGHEST GUST SPEED    16   HIGHEST GUST DIRECTION    SW (230)
  AVERAGE WIND SPEED     3.0


SKY COVER
  POSSIBLE SUNSHINE  MM
  AVERAGE SKY COVER 0.0


WEATHER CONDITIONS
 THE FOLLOWING WEATHER WAS RECORDED YESTERDAY.
  FOG


RELATIVE HUMIDITY (PERCENT)
 HIGHEST    93           200 AM
 LOWEST     31           400 PM
 AVERAGE    62

..........................................................


THE BOWLING GREEN KY CLIMATE NORMALS FOR TODAY
                         NORMAL    RECORD    YEAR
 MAXIMUM TEMPERATURE (F)   75        93      1930
                                             1916
 MINIMUM TEMPERATURE (F)   52        32      1891


SUNRISE AND SUNSET
MAY  6 2015...........SUNRISE   546 AM CDT   SUNSET   739 PM CDT
MAY  7 2015...........SUNRISE   545 AM CDT   SUNSET   740 PM CDT


-  INDICATES NEGATIVE NUMBERS.
R  INDICATES RECORD WAS SET OR TIED.
MM INDICATES DATA IS MISSING.
T  INDICATES TRACE AMOUNT.




$$
