000
CDUS43 KLMK 122032
CLIBWG


CLIMATE REPORT
NATIONAL WEATHER SERVICE LOUISVILLE KY
432 PM EDT SUN APR 12 2015


...................................

...THE BOWLING GREEN CLIMATE SUMMARY FOR APRIL 12 2015...
VALID TODAY AS OF 0400 PM LOCAL TIME.

CLIMATE NORMAL PERIOD 1981 TO 2010
CLIMATE RECORD PERIOD 1870 TO 2015


WEATHER ITEM   OBSERVED TIME   RECORD YEAR NORMAL DEPARTURE LAST
                VALUE   (LST)  VALUE       VALUE  FROM      YEAR
                                                  NORMAL
..................................................................
TEMPERATURE (F)
 TODAY
  MAXIMUM         79    200 PM  94    1906  69     10       80
  MINIMUM         45    810 AM  26    1940  45      0       48
  AVERAGE         62                        57      5       64

PRECIPITATION (IN)
  TODAY            0.00          3.01 1948   0.14  -0.14     0.00
  MONTH TO DATE    3.51                      1.62   1.89     2.36
  SINCE MAR 1      9.78                      6.03   3.75     6.09
  SINCE JAN 1     15.66                     13.60   2.06    13.26

SNOWFALL (IN)
  TODAY            0.0           0.0    MM   0.1   -0.1      0.0
  MONTH TO DATE    0.0                       0.2   -0.2      0.0
  SINCE MAR 1      7.2                       1.3    5.9      5.1
  SINCE JUL 1     23.5                       9.1   14.4     10.4
  SNOW DEPTH       0

DEGREE DAYS
 HEATING
  TODAY            3                         9     -6        1
  MONTH TO DATE   67                       129    -62       79
  SINCE MAR 1    607                       649    -42      732
  SINCE JUL 1   4142                      3847    295     4341

 COOLING
  TODAY            0                         1     -1        0
  MONTH TO DATE   26                        11     15        4
  SINCE MAR 1     26                        16     10        4
  SINCE JAN 1     26                        16     10        4
..................................................................


WIND (MPH)
  HIGHEST WIND SPEED     8   HIGHEST WIND DIRECTION     S (170)
  HIGHEST GUST SPEED    10   HIGHEST GUST DIRECTION     S (170)
  AVERAGE WIND SPEED     2.8


SKY COVER
  POSSIBLE SUNSHINE   0 PERCENT
  AVERAGE SKY COVER 0.0


WEATHER CONDITIONS
 THE FOLLOWING WEATHER WAS RECORDED TODAY.
  NO SIGNIFICANT WEATHER WAS OBSERVED.


RELATIVE HUMIDITY (PERCENT)
 HIGHEST     0          1200 AM
 LOWEST      0          1200 AM
 AVERAGE     0

..........................................................


THE BOWLING GREEN CLIMATE NORMALS FOR TOMORROW
                         NORMAL    RECORD    YEAR
 MAXIMUM TEMPERATURE (F)   69        91      1930
 MINIMUM TEMPERATURE (F)   45        24      1950


SUNRISE AND SUNSET
APRIL 12 2015.........SUNRISE   616 AM CDT   SUNSET   718 PM CDT
APRIL 13 2015.........SUNRISE   615 AM CDT   SUNSET   719 PM CDT


-  INDICATES NEGATIVE NUMBERS.
R  INDICATES RECORD WAS SET OR TIED.
MM INDICATES DATA IS MISSING.
T  INDICATES TRACE AMOUNT.




$$
