000
CDUS43 KLMK 092031
CLIBWG


CLIMATE REPORT
NATIONAL WEATHER SERVICE LOUISVILLE KY
430 PM EDT THU APR 9 2015


...................................

...THE BOWLING GREEN CLIMATE SUMMARY FOR APRIL 9 2015...
VALID TODAY AS OF 0400 PM LOCAL TIME.

CLIMATE NORMAL PERIOD 1981 TO 2010
CLIMATE RECORD PERIOD 1870 TO 2015


WEATHER ITEM   OBSERVED TIME   RECORD YEAR NORMAL DEPARTURE LAST
                VALUE   (LST)  VALUE       VALUE  FROM      YEAR
                                                  NORMAL
..................................................................
TEMPERATURE (F)
 TODAY
  MAXIMUM         83    200 PM  89    2011  68     15       66
                                      1978
  MINIMUM         69    538 AM  22    1914  44     25       43
  AVERAGE         76                        56     20       55

PRECIPITATION (IN)
  TODAY            0.00          2.30 1942   0.14  -0.14     0.00
  MONTH TO DATE    2.85                      1.20   1.65     2.31
  SINCE MAR 1      9.12                      5.61   3.51     6.04
  SINCE JAN 1     15.00                     13.18   1.82    13.21

SNOWFALL (IN)
  TODAY            0.0           0.0    MM   0.0    0.0      0.0
  MONTH TO DATE    0.0                       0.1   -0.1      0.0
  SINCE MAR 1      7.2                       1.2    6.0      5.1
  SINCE JUL 1     23.5                       9.0   14.5     10.4
  SNOW DEPTH       0

DEGREE DAYS
 HEATING
  TODAY            0                        10    -10       10
  MONTH TO DATE   52                       100    -48       71
  SINCE MAR 1    592                       620    -28      724
  SINCE JUL 1   4127                      3818    309     4333

 COOLING
  TODAY           11                         1     10        0
  MONTH TO DATE   26                         8     18        3
  SINCE MAR 1     26                        13     13        3
  SINCE JAN 1     26                        13     13        3
..................................................................


WIND (MPH)
  HIGHEST WIND SPEED    20   HIGHEST WIND DIRECTION     S (190)
  HIGHEST GUST SPEED    36   HIGHEST GUST DIRECTION     S (190)
  AVERAGE WIND SPEED    12.8


SKY COVER
  POSSIBLE SUNSHINE   0 PERCENT
  AVERAGE SKY COVER 0.0


WEATHER CONDITIONS
 THE FOLLOWING WEATHER WAS RECORDED TODAY.
  NO SIGNIFICANT WEATHER WAS OBSERVED.


RELATIVE HUMIDITY (PERCENT)
 HIGHEST    MM
 LOWEST     MM
 AVERAGE    MM

..........................................................


THE BOWLING GREEN CLIMATE NORMALS FOR TOMORROW
                         NORMAL    RECORD    YEAR
 MAXIMUM TEMPERATURE (F)   68        90      1995
 MINIMUM TEMPERATURE (F)   44        24      1966
                                             1892


SUNRISE AND SUNSET
APRIL  9 2015.........SUNRISE   620 AM CDT   SUNSET   715 PM CDT
APRIL 10 2015.........SUNRISE   619 AM CDT   SUNSET   716 PM CDT


-  INDICATES NEGATIVE NUMBERS.
R  INDICATES RECORD WAS SET OR TIED.
MM INDICATES DATA IS MISSING.
T  INDICATES TRACE AMOUNT.




$$
