000
CDUS43 KLMK 090627
CLIBWG


CLIMATE REPORT
NATIONAL WEATHER SERVICE LOUISVILLE KY
227 AM EDT THU APR 9 2015


...................................

...THE BOWLING GREEN KY CLIMATE SUMMARY FOR APRIL 8 2015...

CLIMATE NORMAL PERIOD 1981 TO 2010
CLIMATE RECORD PERIOD 1870 TO 2015


WEATHER ITEM   OBSERVED TIME   RECORD YEAR NORMAL DEPARTURE LAST
                VALUE   (LST)  VALUE       VALUE  FROM      YEAR
                                                  NORMAL
..................................................................
TEMPERATURE (F)
 YESTERDAY
  MAXIMUM         84    413 PM  86    1978  68     16       62
                                      1922
  MINIMUM         60   1205 AM  23    2007  43     17       43
  AVERAGE         72                        55     17       53

PRECIPITATION (IN)
  YESTERDAY        0.00          1.44 1926   0.14  -0.14     0.01
  MONTH TO DATE    2.85                      1.06   1.79     2.31
  SINCE MAR 1      9.12                      5.47   3.65     6.04
  SINCE JAN 1     15.00                     13.04   1.96    13.21

SNOWFALL (IN)
  YESTERDAY        0.0           0.0    MM   0.0    0.0      0.0
  MONTH TO DATE    0.0                       0.1   -0.1      0.0
  SINCE MAR 1      7.2                       1.2    6.0      5.1
  SINCE JUL 1     23.5                       9.0   14.5     10.4
  SNOW DEPTH       0

DEGREE DAYS
 HEATING
  YESTERDAY        0                        10    -10       12
  MONTH TO DATE   52                        90    -38       61
  SINCE MAR 1    592                       610    -18      714
  SINCE JUL 1   4127                      3808    319     4323

 COOLING
  YESTERDAY        7                         1      6        0
  MONTH TO DATE   15                         7      8        3
  SINCE MAR 1     15                        12      3        3
  SINCE JAN 1     15                        12      3        3
..................................................................


WIND (MPH)
  HIGHEST WIND SPEED    20   HIGHEST WIND DIRECTION    SW (220)
  HIGHEST GUST SPEED    24   HIGHEST GUST DIRECTION     S (200)
  AVERAGE WIND SPEED     9.7


SKY COVER
  POSSIBLE SUNSHINE  MM
  AVERAGE SKY COVER 0.5


WEATHER CONDITIONS
 THE FOLLOWING WEATHER WAS RECORDED YESTERDAY.
  THUNDERSTORM
  FOG


RELATIVE HUMIDITY (PERCENT)
 HIGHEST    93          1200 AM
 LOWEST     40           400 PM
 AVERAGE    67

..........................................................


THE BOWLING GREEN KY CLIMATE NORMALS FOR TODAY
                         NORMAL    RECORD    YEAR
 MAXIMUM TEMPERATURE (F)   68        89      2011
                                             1978
 MINIMUM TEMPERATURE (F)   44        22      1914


SUNRISE AND SUNSET
APRIL  9 2015.........SUNRISE   620 AM CDT   SUNSET   715 PM CDT
APRIL 10 2015.........SUNRISE   619 AM CDT   SUNSET   716 PM CDT


-  INDICATES NEGATIVE NUMBERS.
R  INDICATES RECORD WAS SET OR TIED.
MM INDICATES DATA IS MISSING.
T  INDICATES TRACE AMOUNT.




$$
