000
CDUS43 KLMK 260628
CLIBWG


CLIMATE REPORT
NATIONAL WEATHER SERVICE LOUISVILLE KY
226 AM EDT SUN APR 26 2015


...................................

...THE BOWLING GREEN KY CLIMATE SUMMARY FOR APRIL 25 2015...

CLIMATE NORMAL PERIOD 1981 TO 2010
CLIMATE RECORD PERIOD 1870 TO 2015


WEATHER ITEM   OBSERVED TIME   RECORD YEAR NORMAL DEPARTURE LAST
                VALUE   (LST)  VALUE       VALUE  FROM      YEAR
                                                  NORMAL
..................................................................
TEMPERATURE (F)
 YESTERDAY
  MAXIMUM         81    437 PM  92    1915  72      9       72
  MINIMUM         56    512 AM  32    2013  49      7       49
                                      1927
                                      1910
  AVERAGE         69                        60      9       61

PRECIPITATION (IN)
  YESTERDAY        0.28          1.13 1932   0.17   0.11     0.30
  MONTH TO DATE    9.08                      3.55   5.53     3.41
  SINCE MAR 1     15.35                      7.96   7.39     7.14
  SINCE JAN 1     21.23                     15.53   5.70    14.31

SNOWFALL (IN)
  YESTERDAY        0.0           2.3  1910   0.0    0.0      0.0
  MONTH TO DATE    0.0                       0.2   -0.2       T
  SINCE MAR 1      7.2                       1.3    5.9      5.1
  SINCE JUL 1     23.5                       9.1   14.4     10.4
  SNOW DEPTH       0

DEGREE DAYS
 HEATING
  YESTERDAY        0                         6     -6        4
  MONTH TO DATE  129                       225    -96      184
  SINCE MAR 1    669                       745    -76      837
  SINCE JUL 1   4204                      3943    261     4446

 COOLING
  YESTERDAY        4                         1      3        0
  MONTH TO DATE   35                        24     11       12
  SINCE MAR 1     35                        29      6       12
  SINCE JAN 1     35                        29      6       12
..................................................................


WIND (MPH)
  HIGHEST WIND SPEED    24   HIGHEST WIND DIRECTION    SW (230)
  HIGHEST GUST SPEED    35   HIGHEST GUST DIRECTION    NW (310)
  AVERAGE WIND SPEED     8.6


SKY COVER
  POSSIBLE SUNSHINE  MM
  AVERAGE SKY COVER 0.8


WEATHER CONDITIONS
 THE FOLLOWING WEATHER WAS RECORDED YESTERDAY.
  THUNDERSTORM
  RAIN
  LIGHT RAIN
  FOG


RELATIVE HUMIDITY (PERCENT)
 HIGHEST    90          1100 PM
 LOWEST     39           500 PM
 AVERAGE    65

..........................................................


THE BOWLING GREEN KY CLIMATE NORMALS FOR TODAY
                         NORMAL    RECORD    YEAR
 MAXIMUM TEMPERATURE (F)   73        91      1915
 MINIMUM TEMPERATURE (F)   49        25      1873


SUNRISE AND SUNSET
APRIL 26 2015.........SUNRISE   558 AM CDT   SUNSET   730 PM CDT
APRIL 27 2015.........SUNRISE   556 AM CDT   SUNSET   731 PM CDT


-  INDICATES NEGATIVE NUMBERS.
R  INDICATES RECORD WAS SET OR TIED.
MM INDICATES DATA IS MISSING.
T  INDICATES TRACE AMOUNT.




$$
