000
CXUS53 KLMK 011338
CLMBWG


CLIMATE REPORT
NATIONAL WEATHER SERVICE LOUISVILLE KY
936 AM EDT WED APR 1 2015

...................................

...THE BOWLING GREEN CLIMATE SUMMARY FOR THE MONTH OF MARCH 2015...

CLIMATE NORMAL PERIOD 1981 TO 2010
CLIMATE RECORD PERIOD 1870 TO 2015

WEATHER         OBSERVED          NORMAL  DEPART  LAST YEAR`S
                 VALUE   DATE(S)  VALUE   FROM    VALUE  DATE(S)
                                          NORMAL
................................................................
TEMPERATURE (F)
RECORD
 HIGH              92   03/24/1929
 LOW               -6   03/05/1960
HIGHEST            79   03/31        MM      MM       76  03/11
LOWEST              1   03/06        MM      MM       12  03/04
AVG. MAXIMUM     59.0              59.8    -0.8     55.6
AVG. MINIMUM     35.6              37.0    -1.4     31.9
MEAN             47.3              48.4    -1.1     43.7
DAYS MAX >= 90      0               0.0     0.0        0
DAYS MAX <= 32      2               0.2     1.8        2
DAYS MIN <= 32      9              10.3    -1.3       18
DAYS MIN <= 0       0               0.0     0.0        0

PRECIPITATION (INCHES)
RECORD
 MAXIMUM        14.58   1975
 MINIMUM         0.75   1918
TOTALS           6.27              4.41    1.86     3.73
DAILY AVG.       0.20              0.14    0.06     0.12
DAYS >= .01        12              11.4     0.6        7
DAYS >= .10         8               6.8     1.2        5
DAYS >= .50         4               2.6     1.4        1
DAYS >= 1.00        3               1.1     1.9        1
GREATEST
 24 HR. TOTAL    2.31   03/04 TO 03/04

SNOWFALL (INCHES)
RECORDS
 TOTAL            8.0   5
                        0
TOTALS            7.2               1.1     6.1      5.1
SINCE 7/1        23.5               8.9    14.6     10.4
SNOWDEPTH AVG.      0                MM      MM        0
DAYS >= 1.0         2               0.4     1.6        2
GREATEST
 SNOW DEPTH         6   03/06                          3  03/05
                        03/05                             03/04
                                                          03/03
 24 HR TOTAL      5.8   03/05 TO 03/05

DEGREE_DAYS
HEATING TOTAL     540               520      20      653
 SINCE 7/1       4075              3718     357     4262
COOLING TOTAL       0                 5      -5        0
 SINCE 1/1          0                 5      -5        0
.................................................................

WIND (MPH)
AVERAGE WIND SPEED              5.7
HIGHEST WIND SPEED/DIRECTION    24/190    DATE  03/29
HIGHEST GUST SPEED/DIRECTION    32/180    DATE  03/29

SKY COVER
POSSIBLE SUNSHINE (PERCENT)   MM
AVERAGE SKY COVER           0.40
NUMBER OF DAYS FAIR           14
NUMBER OF DAYS PC              7
NUMBER OF DAYS CLOUDY         10

AVERAGE RH (PERCENT)     66

WEATHER CONDITIONS. NUMBER OF DAYS WITH
THUNDERSTORM              0     MIXED PRECIP               0
HEAVY RAIN                5     RAIN                       6
LIGHT RAIN               13     FREEZING RAIN              1
LT FREEZING RAIN          1     HAIL                       0
HEAVY SNOW                0     SNOW                       2
LIGHT SNOW                4     SLEET                      0
FOG                      18     FOG W/VIS <= 1/4 MILE      4
HAZE                      9

-  INDICATES NEGATIVE NUMBERS.
R  INDICATES RECORD WAS SET OR TIED.
MM INDICATES DATA IS MISSING.
T  INDICATES TRACE AMOUNT.

$$
