000
CXUS53 KLMK 011719
CLMBWG


CLIMATE REPORT
NATIONAL WEATHER SERVICE LOUISVILLE KY
1131 AM EST SUN MAR 1 2015

...................................

...THE BOWLING GREEN CLIMATE SUMMARY FOR THE MONTH OF FEBRUARY 2015...

CLIMATE NORMAL PERIOD 1981 TO 2010
CLIMATE RECORD PERIOD 1870 TO 2015

WEATHER         OBSERVED          NORMAL  DEPART  LAST YEAR`S
                 VALUE   DATE(S)  VALUE   FROM    VALUE  DATE(S)
                                          NORMAL
................................................................
TEMPERATURE (F)
RECORD
 HIGH              83   02/28/1918
 LOW              -20   02/02/1951
HIGHEST            65   02/07        MM      MM       75  02/20
LOWEST             -7   02/19        MM      MM       10  02/07
AVG. MAXIMUM     39.0              50.0   -11.0     45.4
AVG. MINIMUM     19.6              29.6   -10.0     25.1
MEAN             29.3              39.8   -10.5     35.2
DAYS MAX >= 90      0               0.0     0.0        0
DAYS MAX <= 32      9               1.8     7.2        6
DAYS MIN <= 32     25              17.4     7.6       25
DAYS MIN <= 0       3               0.1     2.9        0

PRECIPITATION (INCHES)
RECORD
 MAXIMUM        11.27   1989
 MINIMUM         0.12   1947
TOTALS           4.00              3.96    0.04     5.42
DAILY AVG.       0.14              0.14    0.00     0.19
DAYS >= .01         6              10.5    -4.5       11
DAYS >= .10         4               6.4    -2.4        5
DAYS >= .50         3               2.8     0.2        2
DAYS >= 1.00        1               1.3    -0.3        2
GREATEST
 24 HR. TOTAL    2.26   02/20 TO 02/21

SNOWFALL (INCHES)
RECORDS
 TOTAL           20.0   5
                        0
TOTALS           12.6               3.3     9.3      2.0
SINCE 7/1        16.3               7.8     8.5      5.3
SNOWDEPTH AVG.      2                MM      MM        0
DAYS >= 1.0         3               0.9     2.1        1
GREATEST
 SNOW DEPTH        10   02/18                          1  02/08
 24 HR TOTAL      9.6   02/16 TO 02/16

DEGREE_DAYS
HEATING TOTAL     990               706     284      826
 SINCE 7/1       3535              3198     337     3609
COOLING TOTAL       0                 0       0        0
 SINCE 1/1          0                 0       0        0
.................................................................

WIND (MPH)
AVERAGE WIND SPEED              7.5
HIGHEST WIND SPEED/DIRECTION    25/190    DATE  02/21
HIGHEST GUST SPEED/DIRECTION    36/320    DATE  02/02

SKY COVER
POSSIBLE SUNSHINE (PERCENT)   MM
AVERAGE SKY COVER           0.50
NUMBER OF DAYS FAIR           10
NUMBER OF DAYS PC             10
NUMBER OF DAYS CLOUDY          8

AVERAGE RH (PERCENT)     59

WEATHER CONDITIONS. NUMBER OF DAYS WITH
THUNDERSTORM              0     MIXED PRECIP               0
HEAVY RAIN                2     RAIN                       2
LIGHT RAIN                4     FREEZING RAIN              2
LT FREEZING RAIN          2     HAIL                       0
HEAVY SNOW                1     SNOW                       1
LIGHT SNOW                7     SLEET                      0
FOG                      10     FOG W/VIS <= 1/4 MILE      2
HAZE                      7

-  INDICATES NEGATIVE NUMBERS.
R  INDICATES RECORD WAS SET OR TIED.
MM INDICATES DATA IS MISSING.
T  INDICATES TRACE AMOUNT.

$$

4TH COLDEST FEBRUARY
DAILY RECORD LOWS SET ON 19TH AND 23RD
7TH SNOWIEST FEBRUARY
16TH WAS 4TH SNOWIEST DAY IN FEBRUARY AND 7TH SNOWIEST DAY EVER
