000
CDUS43 KLMK 050626
CLIFFT


CLIMATE REPORT
NATIONAL WEATHER SERVICE LOUISVILLE KY
226 AM EDT TUE MAY 5 2015


...................................

...THE FRANKFORT KY CLIMATE SUMMARY FOR MAY 4 2015...

CLIMATE NORMAL PERIOD 1981 TO 2010
CLIMATE RECORD PERIOD 1895 TO 2015


WEATHER ITEM   OBSERVED TIME   RECORD YEAR NORMAL DEPARTURE LAST
                VALUE   (LST)  VALUE       VALUE  FROM      YEAR
                                                  NORMAL
..................................................................
TEMPERATURE (F)
 YESTERDAY
  MAXIMUM         82    224 PM  89    1934  72     10       79
                                      1895
  MINIMUM         53    405 AM  30    1971  49      4       48
  AVERAGE         68                        61      7       64

PRECIPITATION (IN)
  YESTERDAY        0.00          1.14 1927   0.17  -0.17     0.00
  MONTH TO DATE    0.00                      0.65  -0.65     0.00
  SINCE MAR 1     18.92                      8.72  10.20     8.83
  SINCE JAN 1     22.48                     15.27   7.21    15.03

SNOWFALL (IN)
  YESTERDAY       MM            MM      MM  MM     MM       MM
  MONTH TO DATE   MM                        MM     MM       MM
  SINCE MAR 1     MM                        MM     MM       MM
  SINCE JUL 1     MM                        MM     MM       MM
  SNOW DEPTH      MM

DEGREE DAYS
 HEATING
  YESTERDAY        0                         5     -5        1
  MONTH TO DATE   16                        23     -7       38
  SINCE MAR 1    961                       962     -1     1040
  SINCE JUL 1   5081                      4601    480     5152

 COOLING
  YESTERDAY        3                         1      2        0
  MONTH TO DATE    3                         4     -1        0
  SINCE MAR 1     11                        24    -13        8
  SINCE JAN 1     11                        24    -13        8
..................................................................


WIND (MPH)
  HIGHEST WIND SPEED    17   HIGHEST WIND DIRECTION    SW (220)
  HIGHEST GUST SPEED    22   HIGHEST GUST DIRECTION    SW (230)
  AVERAGE WIND SPEED     6.6


SKY COVER
  POSSIBLE SUNSHINE  MM
  AVERAGE SKY COVER 0.2


WEATHER CONDITIONS
 THE FOLLOWING WEATHER WAS RECORDED YESTERDAY.
  NO SIGNIFICANT WEATHER WAS OBSERVED.


RELATIVE HUMIDITY (PERCENT)
 HIGHEST    83           300 AM
 LOWEST     39           100 PM
 AVERAGE    61

..........................................................


THE FRANKFORT KY CLIMATE NORMALS FOR TODAY
                         NORMAL    RECORD    YEAR
 MAXIMUM TEMPERATURE (F)   73        90      1949
 MINIMUM TEMPERATURE (F)   49        32      2011


SUNRISE AND SUNSET
MAY  5 2015...........SUNRISE   639 AM EDT   SUNSET   834 PM EDT
MAY  6 2015...........SUNRISE   638 AM EDT   SUNSET   835 PM EDT


-  INDICATES NEGATIVE NUMBERS.
R  INDICATES RECORD WAS SET OR TIED.
MM INDICATES DATA IS MISSING.
T  INDICATES TRACE AMOUNT.




$$
