000
CDUS43 KLMK 010637
CLIFFT


CLIMATE REPORT
NATIONAL WEATHER SERVICE LOUISVILLE KY
235 AM EDT FRI MAY 1 2015


...................................

...THE FRANKFORT KY CLIMATE SUMMARY FOR APRIL 30 2015...

CLIMATE NORMAL PERIOD 1981 TO 2010
CLIMATE RECORD PERIOD 1895 TO 2015


WEATHER ITEM   OBSERVED TIME   RECORD YEAR NORMAL DEPARTURE LAST
                VALUE   (LST)  VALUE       VALUE  FROM      YEAR
                                                  NORMAL
..................................................................
TEMPERATURE (F)
 YESTERDAY
  MAXIMUM         64    116 PM  91    1942  71     -7       69
  MINIMUM         43   1041 PM  32    2008  48     -5       52
                                      1958
  AVERAGE         54                        60     -6       61

PRECIPITATION (IN)
  YESTERDAY        0.15          2.62 1909   0.15   0.00     0.03
  MONTH TO DATE   11.24                      3.69   7.55     6.61
  SINCE MAR 1     18.92                      8.07  10.85     8.83
  SINCE JAN 1     22.48                     14.62   7.86    15.03

SNOWFALL (IN)
  YESTERDAY       MM            MM      MM  MM     MM       MM
  MONTH TO DATE   MM                        MM     MM       MM
  SINCE MAR 1     MM                        MM     MM       MM
  SINCE JUL 1     MM                        MM     MM       MM
  SNOW DEPTH      MM

DEGREE DAYS
 HEATING
  YESTERDAY       11                         6      5        4
  MONTH TO DATE  273                       315    -42      250
  SINCE MAR 1    945                       939      6     1002
  SINCE JUL 1   5065                      4578    487     5114

 COOLING
  YESTERDAY        0                         1     -1        0
  MONTH TO DATE    8                        18    -10        8
  SINCE MAR 1      8                        20    -12        8
  SINCE JAN 1      8                        20    -12        8
..................................................................


WIND (MPH)
  HIGHEST WIND SPEED    26   HIGHEST WIND DIRECTION    NW (330)
  HIGHEST GUST SPEED    41   HIGHEST GUST DIRECTION     N (350)
  AVERAGE WIND SPEED     6.1


SKY COVER
  POSSIBLE SUNSHINE  MM
  AVERAGE SKY COVER 0.5


WEATHER CONDITIONS
 THE FOLLOWING WEATHER WAS RECORDED YESTERDAY.
  THUNDERSTORM
  HEAVY RAIN
  RAIN
  LIGHT RAIN


RELATIVE HUMIDITY (PERCENT)
 HIGHEST    83          1100 PM
 LOWEST     39           100 PM
 AVERAGE    61

..........................................................


THE FRANKFORT KY CLIMATE NORMALS FOR TODAY
                         NORMAL    RECORD    YEAR
 MAXIMUM TEMPERATURE (F)   72        91      1942
 MINIMUM TEMPERATURE (F)   48        27      1963


SUNRISE AND SUNSET
MAY  1 2015...........SUNRISE   643 AM EDT   SUNSET   831 PM EDT
MAY  2 2015...........SUNRISE   642 AM EDT   SUNSET   831 PM EDT


-  INDICATES NEGATIVE NUMBERS.
R  INDICATES RECORD WAS SET OR TIED.
MM INDICATES DATA IS MISSING.
T  INDICATES TRACE AMOUNT.




$$
