000
CDUS43 KLMK 210629
CLIFFT


CLIMATE REPORT
NATIONAL WEATHER SERVICE LOUISVILLE KY
227 AM EDT TUE APR 21 2015


...................................

...THE FRANKFORT KY CLIMATE SUMMARY FOR APRIL 20 2015...

CLIMATE NORMAL PERIOD 1981 TO 2010
CLIMATE RECORD PERIOD 1895 TO 2015


WEATHER ITEM   OBSERVED TIME   RECORD YEAR NORMAL DEPARTURE LAST
                VALUE   (LST)  VALUE       VALUE  FROM      YEAR
                                                  NORMAL
..................................................................
TEMPERATURE (F)
 YESTERDAY
  MAXIMUM         63   1045 AM  89    1915  69     -6       77
  MINIMUM         46   1140 PM  26    1983  45      1       40
                                      1926
  AVERAGE         55                        57     -2       59

PRECIPITATION (IN)
  YESTERDAY        0.11          1.75 1909   0.13  -0.02     0.00
  MONTH TO DATE   10.59                      2.29   8.30     3.06
  SINCE MAR 1     18.27                      6.67  11.60     5.28
  SINCE JAN 1     21.83                     13.22   8.61    11.48

SNOWFALL (IN)
  YESTERDAY       MM            MM      MM  MM     MM       MM
  MONTH TO DATE   MM                        MM     MM       MM
  SINCE MAR 1     MM                        MM     MM       MM
  SINCE JUL 1     MM                        MM     MM       MM
  SNOW DEPTH      MM

DEGREE DAYS
 HEATING
  YESTERDAY       10                         9      1        6
  MONTH TO DATE  130                       240   -110      206
  SINCE MAR 1    802                       865    -63      958
  SINCE JUL 1   4922                      4504    418     5070

 COOLING
  YESTERDAY        0                         1     -1        0
  MONTH TO DATE    8                        12     -4        8
  SINCE MAR 1      8                        14     -6        8
  SINCE JAN 1      8                        14     -6        8
..................................................................


WIND (MPH)
  HIGHEST WIND SPEED    20   HIGHEST WIND DIRECTION     W (250)
  HIGHEST GUST SPEED    29   HIGHEST GUST DIRECTION    SW (220)
  AVERAGE WIND SPEED    10.7


SKY COVER
  POSSIBLE SUNSHINE  MM
  AVERAGE SKY COVER 0.9


WEATHER CONDITIONS
 THE FOLLOWING WEATHER WAS RECORDED YESTERDAY.
  THUNDERSTORM
  RAIN
  LIGHT RAIN
  FOG


RELATIVE HUMIDITY (PERCENT)
 HIGHEST    90           200 AM
 LOWEST     47           700 PM
 AVERAGE    69

..........................................................


THE FRANKFORT KY CLIMATE NORMALS FOR TODAY
                         NORMAL    RECORD    YEAR
 MAXIMUM TEMPERATURE (F)   69        89      1976
 MINIMUM TEMPERATURE (F)   45        28      1988


SUNRISE AND SUNSET
APRIL 21 2015.........SUNRISE   656 AM EDT   SUNSET   821 PM EDT
APRIL 22 2015.........SUNRISE   655 AM EDT   SUNSET   822 PM EDT


-  INDICATES NEGATIVE NUMBERS.
R  INDICATES RECORD WAS SET OR TIED.
MM INDICATES DATA IS MISSING.
T  INDICATES TRACE AMOUNT.

$$

SCHOETTMER
