000
CDUS43 KLMK 180626
CLIFFT


CLIMATE REPORT
NATIONAL WEATHER SERVICE LOUISVILLE KY
226 AM EDT SAT APR 18 2015


...................................

...THE FRANKFORT KY CLIMATE SUMMARY FOR APRIL 17 2015...

CLIMATE NORMAL PERIOD 1981 TO 2010
CLIMATE RECORD PERIOD 1895 TO 2015


WEATHER ITEM   OBSERVED TIME   RECORD YEAR NORMAL DEPARTURE LAST
                VALUE   (LST)  VALUE       VALUE  FROM      YEAR
                                                  NORMAL
..................................................................
TEMPERATURE (F)
 YESTERDAY
  MAXIMUM         74    354 PM  88    1896  68      6       67
  MINIMUM         56   1159 PM  27    1962  44     12       33
                                      1904
  AVERAGE         65                        56      9       50

PRECIPITATION (IN)
  YESTERDAY        0.00          2.60 1998   0.12  -0.12     0.00
  MONTH TO DATE   10.01                      1.91   8.10     3.06
  SINCE MAR 1     17.69                      6.29  11.40     5.28
  SINCE JAN 1     21.25                     12.84   8.41    11.48

SNOWFALL (IN)
  YESTERDAY       MM            MM      MM  MM     MM       MM
  MONTH TO DATE   MM                        MM     MM       MM
  SINCE MAR 1     MM                        MM     MM       MM
  SINCE JUL 1     MM                        MM     MM       MM
  SNOW DEPTH      MM

DEGREE DAYS
 HEATING
  YESTERDAY        0                        10    -10       15
  MONTH TO DATE  118                       212    -94      184
  SINCE MAR 1    790                       837    -47      936
  SINCE JUL 1   4910                      4476    434     5048

 COOLING
  YESTERDAY        0                         1     -1        0
  MONTH TO DATE    8                         9     -1        8
  SINCE MAR 1      8                        11     -3        8
  SINCE JAN 1      8                        11     -3        8
..................................................................


WIND (MPH)
  HIGHEST WIND SPEED     9   HIGHEST WIND DIRECTION     S (200)
  HIGHEST GUST SPEED    17   HIGHEST GUST DIRECTION     S (200)
  AVERAGE WIND SPEED     3.4


SKY COVER
  POSSIBLE SUNSHINE  MM
  AVERAGE SKY COVER 0.5


WEATHER CONDITIONS
 THE FOLLOWING WEATHER WAS RECORDED YESTERDAY.
  FOG


RELATIVE HUMIDITY (PERCENT)
 HIGHEST    97           500 AM
 LOWEST     57           400 PM
 AVERAGE    77

..........................................................


THE FRANKFORT KY CLIMATE NORMALS FOR TODAY
                         NORMAL    RECORD    YEAR
 MAXIMUM TEMPERATURE (F)   68        90      1914
 MINIMUM TEMPERATURE (F)   44        28      2001
                                             1980
                                             1936


SUNRISE AND SUNSET
APRIL 18 2015.........SUNRISE   700 AM EDT   SUNSET   818 PM EDT
APRIL 19 2015.........SUNRISE   659 AM EDT   SUNSET   819 PM EDT


-  INDICATES NEGATIVE NUMBERS.
R  INDICATES RECORD WAS SET OR TIED.
MM INDICATES DATA IS MISSING.
T  INDICATES TRACE AMOUNT.




$$
