000
CDUS43 KLMK 240631
CLIFFT


CLIMATE REPORT
NATIONAL WEATHER SERVICE LOUISVILLE KY
230 AM EDT FRI APR 24 2015


...................................

...THE FRANKFORT KY CLIMATE SUMMARY FOR APRIL 23 2015...

CLIMATE NORMAL PERIOD 1981 TO 2010
CLIMATE RECORD PERIOD 1895 TO 2015


WEATHER ITEM   OBSERVED TIME   RECORD YEAR NORMAL DEPARTURE LAST
                VALUE   (LST)  VALUE       VALUE  FROM      YEAR
                                                  NORMAL
..................................................................
TEMPERATURE (F)
 YESTERDAY
  MAXIMUM         59    518 PM  88    1914  69    -10       63
  MINIMUM         34    610 AM  27    1986  46    -12       37
  AVERAGE         47                        58    -11       50

PRECIPITATION (IN)
  YESTERDAY        0.00          2.71 2011   0.14  -0.14     0.00
  MONTH TO DATE   10.68                      2.69   7.99     3.06
  SINCE MAR 1     18.36                      7.07  11.29     5.28
  SINCE JAN 1     21.92                     13.62   8.30    11.48

SNOWFALL (IN)
  YESTERDAY       MM            MM      MM  MM     MM       MM
  MONTH TO DATE   MM                        MM     MM       MM
  SINCE MAR 1     MM                        MM     MM       MM
  SINCE JUL 1     MM                        MM     MM       MM
  SNOW DEPTH      MM

DEGREE DAYS
 HEATING
  YESTERDAY       18                         8     10       15
  MONTH TO DATE  177                       265    -88      228
  SINCE MAR 1    849                       890    -41      980
  SINCE JUL 1   4969                      4529    440     5092

 COOLING
  YESTERDAY        0                         1     -1        0
  MONTH TO DATE    8                        15     -7        8
  SINCE MAR 1      8                        17     -9        8
  SINCE JAN 1      8                        17     -9        8
..................................................................


WIND (MPH)
  HIGHEST WIND SPEED    22   HIGHEST WIND DIRECTION     W (270)
  HIGHEST GUST SPEED    31   HIGHEST GUST DIRECTION     W (260)
  AVERAGE WIND SPEED     7.4


SKY COVER
  POSSIBLE SUNSHINE  MM
  AVERAGE SKY COVER 0.0


WEATHER CONDITIONS
 THE FOLLOWING WEATHER WAS RECORDED YESTERDAY.
  NO SIGNIFICANT WEATHER WAS OBSERVED.


RELATIVE HUMIDITY (PERCENT)
 HIGHEST    70           100 AM
 LOWEST     16           400 PM
 AVERAGE    43

..........................................................


THE FRANKFORT KY CLIMATE NORMALS FOR TODAY
                         NORMAL    RECORD    YEAR
 MAXIMUM TEMPERATURE (F)   70        89      1925
 MINIMUM TEMPERATURE (F)   46        28      1986


SUNRISE AND SUNSET
APRIL 24 2015.........SUNRISE   652 AM EDT   SUNSET   824 PM EDT
APRIL 25 2015.........SUNRISE   651 AM EDT   SUNSET   825 PM EDT


-  INDICATES NEGATIVE NUMBERS.
R  INDICATES RECORD WAS SET OR TIED.
MM INDICATES DATA IS MISSING.
T  INDICATES TRACE AMOUNT.

$$

SCHOETTMER
