000
CDUS43 KLMK 130626
CLIFFT


CLIMATE REPORT
NATIONAL WEATHER SERVICE LOUISVILLE KY
226 AM EDT MON APR 13 2015


...................................

...THE FRANKFORT KY CLIMATE SUMMARY FOR APRIL 12 2015...

CLIMATE NORMAL PERIOD 1981 TO 2010
CLIMATE RECORD PERIOD 1895 TO 2015


WEATHER ITEM   OBSERVED TIME   RECORD YEAR NORMAL DEPARTURE LAST
                VALUE   (LST)  VALUE       VALUE  FROM      YEAR
                                                  NORMAL
..................................................................
TEMPERATURE (F)
 YESTERDAY
  MAXIMUM         77    408 PM  89    1896  66     11       79
  MINIMUM         42    627 AM  26    1989  42      0       46
                                      1976
  AVERAGE         60                        54      6       63

PRECIPITATION (IN)
  YESTERDAY        0.00          2.23 2011   0.10  -0.10     0.00
  MONTH TO DATE    9.28                      1.35   7.93     2.36
  SINCE MAR 1     16.96                      5.73  11.23     4.58
  SINCE JAN 1     20.52                     12.28   8.24    10.78

SNOWFALL (IN)
  YESTERDAY       MM            MM      MM  MM     MM       MM
  MONTH TO DATE   MM                        MM     MM       MM
  SINCE MAR 1     MM                        MM     MM       MM
  SINCE JUL 1     MM                        MM     MM       MM
  SNOW DEPTH      MM

DEGREE DAYS
 HEATING
  YESTERDAY        5                        12     -7        2
  MONTH TO DATE  104                       159    -55      107
  SINCE MAR 1    776                       784     -8      859
  SINCE JUL 1   4896                      4423    473     4971

 COOLING
  YESTERDAY        0                         1     -1        0
  MONTH TO DATE    7                         4      3        0
  SINCE MAR 1      7                         6      1        0
  SINCE JAN 1      7                         6      1        0
..................................................................


WIND (MPH)
  HIGHEST WIND SPEED     9   HIGHEST WIND DIRECTION     S (170)
  HIGHEST GUST SPEED    14   HIGHEST GUST DIRECTION    NE (60)
  AVERAGE WIND SPEED     3.8


SKY COVER
  POSSIBLE SUNSHINE  MM
  AVERAGE SKY COVER 0.0


WEATHER CONDITIONS
 THE FOLLOWING WEATHER WAS RECORDED YESTERDAY.
  NO SIGNIFICANT WEATHER WAS OBSERVED.


RELATIVE HUMIDITY (PERCENT)
 HIGHEST    70           200 AM
 LOWEST     21           400 PM
 AVERAGE    46

..........................................................


THE FRANKFORT KY CLIMATE NORMALS FOR TODAY
                         NORMAL    RECORD    YEAR
 MAXIMUM TEMPERATURE (F)   66        86      1941
                                             1930
 MINIMUM TEMPERATURE (F)   43        23      1939


SUNRISE AND SUNSET
APRIL 13 2015.........SUNRISE   707 AM EDT   SUNSET   814 PM EDT
APRIL 14 2015.........SUNRISE   706 AM EDT   SUNSET   815 PM EDT


-  INDICATES NEGATIVE NUMBERS.
R  INDICATES RECORD WAS SET OR TIED.
MM INDICATES DATA IS MISSING.
T  INDICATES TRACE AMOUNT.




$$
