000
CDUS43 KLMK 290634
CLIFFT


CLIMATE REPORT
NATIONAL WEATHER SERVICE LOUISVILLE KY
233 AM EDT WED APR 29 2015


...................................

...THE FRANKFORT KY CLIMATE SUMMARY FOR APRIL 28 2015...

CLIMATE NORMAL PERIOD 1981 TO 2010
CLIMATE RECORD PERIOD 1895 TO 2015


WEATHER ITEM   OBSERVED TIME   RECORD YEAR NORMAL DEPARTURE LAST
                VALUE   (LST)  VALUE       VALUE  FROM      YEAR
                                                  NORMAL
..................................................................
TEMPERATURE (F)
 YESTERDAY
  MAXIMUM         64    506 PM  89    1986  71     -7       67
  MINIMUM         41    622 AM  29    1934  47     -6       61
  AVERAGE         53                        59     -6       64

PRECIPITATION (IN)
  YESTERDAY        0.00          2.06 2014   0.14  -0.14     2.06
  MONTH TO DATE   11.09                      3.40   7.69     5.97
  SINCE MAR 1     18.77                      7.78  10.99     8.19
  SINCE JAN 1     22.33                     14.33   8.00    14.39

SNOWFALL (IN)
  YESTERDAY       MM            MM      MM  MM     MM       MM
  MONTH TO DATE   MM                        MM     MM       MM
  SINCE MAR 1     MM                        MM     MM       MM
  SINCE JUL 1     MM                        MM     MM       MM
  SNOW DEPTH      MM

DEGREE DAYS
 HEATING
  YESTERDAY       12                         7      5        1
  MONTH TO DATE  250                       302    -52      246
  SINCE MAR 1    922                       927     -5      998
  SINCE JUL 1   5042                      4566    476     5110

 COOLING
  YESTERDAY        0                         1     -1        0
  MONTH TO DATE    8                        20    -12        8
  SINCE MAR 1      8                        22    -14        8
  SINCE JAN 1      8                        22    -14        8
..................................................................


WIND (MPH)
  HIGHEST WIND SPEED    15   HIGHEST WIND DIRECTION     E (80)
  HIGHEST GUST SPEED    20   HIGHEST GUST DIRECTION     E (80)
  AVERAGE WIND SPEED     6.2


SKY COVER
  POSSIBLE SUNSHINE  MM
  AVERAGE SKY COVER 0.0


WEATHER CONDITIONS
 THE FOLLOWING WEATHER WAS RECORDED YESTERDAY.
  NO SIGNIFICANT WEATHER WAS OBSERVED.


RELATIVE HUMIDITY (PERCENT)
 HIGHEST    79           600 AM
 LOWEST     39           500 PM
 AVERAGE    59

..........................................................


THE FRANKFORT KY CLIMATE NORMALS FOR TODAY
                         NORMAL    RECORD    YEAR
 MAXIMUM TEMPERATURE (F)   71        89      1914
 MINIMUM TEMPERATURE (F)   48        31      1976


SUNRISE AND SUNSET
APRIL 29 2015.........SUNRISE   646 AM EDT   SUNSET   829 PM EDT
APRIL 30 2015.........SUNRISE   645 AM EDT   SUNSET   830 PM EDT


-  INDICATES NEGATIVE NUMBERS.
R  INDICATES RECORD WAS SET OR TIED.
MM INDICATES DATA IS MISSING.
T  INDICATES TRACE AMOUNT.




$$
