000
CDUS43 KLMK 152029
CLIFFT

CLIMATE REPORT
NATIONAL WEATHER SERVICE LOUISVILLE KY
427 PM EDT WED APR 15 2015


...................................

...THE FRANKFORT KY CLIMATE SUMMARY FOR APRIL 15 2015...
VALID TODAY AS OF 0400 PM LOCAL TIME.

CLIMATE NORMAL PERIOD 1981 TO 2010
CLIMATE RECORD PERIOD 1895 TO 2015


WEATHER ITEM   OBSERVED TIME   RECORD YEAR NORMAL DEPARTURE LAST
                VALUE   (LST)  VALUE       VALUE  FROM      YEAR
                                                  NORMAL
..................................................................
TEMPERATURE (F)
 TODAY
  MAXIMUM         59    259 PM  87    1936  67     -8       42
  MINIMUM         54    737 AM  25    1907  43     11       32
  AVERAGE         57                        55      2       37

PRECIPITATION (IN)
  TODAY            0.00          1.18 1969   0.11  -0.11     0.17
  MONTH TO DATE    9.97                      1.68   8.29     3.06
  SINCE MAR 1     17.65                      6.06  11.59     5.28
  SINCE JAN 1     21.21                     12.61   8.60    11.48

SNOWFALL (IN)
  TODAY           MM            MM      MM  MM     MM       MM
  MONTH TO DATE   MM                        MM     MM       MM
  SINCE MAR 1     MM                        MM     MM       MM
  SINCE JUL 1     MM                        MM     MM       MM
  SNOW DEPTH      MM

DEGREE DAYS
 HEATING
  TODAY            8                        11     -3       28
  MONTH TO DATE  119                       192    -73      142
  SINCE MAR 1    791                       817    -26      894
  SINCE JUL 1   4911                      4456    455     5006

 COOLING
  TODAY            0                         1     -1        0
  MONTH TO DATE    8                         7      1        8
  SINCE MAR 1      8                         9     -1        8
  SINCE JAN 1      8                         9     -1        8
..................................................................


WIND (MPH)
  HIGHEST WIND SPEED    17   HIGHEST WIND DIRECTION     E (80)
  HIGHEST GUST SPEED    27   HIGHEST GUST DIRECTION     E (80)
  AVERAGE WIND SPEED     9.2


SKY COVER
  POSSIBLE SUNSHINE  MM
  AVERAGE SKY COVER 1.0


WEATHER CONDITIONS
 THE FOLLOWING WEATHER WAS RECORDED TODAY.
  NO SIGNIFICANT WEATHER WAS OBSERVED.


RELATIVE HUMIDITY (PERCENT)
 HIGHEST    66          1100 AM
 LOWEST     47           300 AM
 AVERAGE    57

..........................................................


THE FRANKFORT KY CLIMATE NORMALS FOR TOMORROW
                         NORMAL    RECORD    YEAR
 MAXIMUM TEMPERATURE (F)   67        87      1896
 MINIMUM TEMPERATURE (F)   44        24      2014


SUNRISE AND SUNSET
APRIL 15 2015.........SUNRISE   704 AM EDT   SUNSET   816 PM EDT
APRIL 16 2015.........SUNRISE   703 AM EDT   SUNSET   817 PM EDT


-  INDICATES NEGATIVE NUMBERS.
R  INDICATES RECORD WAS SET OR TIED.
MM INDICATES DATA IS MISSING.
T  INDICATES TRACE AMOUNT.




$$
