000
CDUS43 KLMK 100629
CLIFFT


CLIMATE REPORT
NATIONAL WEATHER SERVICE LOUISVILLE KY
229 AM EDT FRI APR 10 2015


...................................

...THE FRANKFORT KY CLIMATE SUMMARY FOR APRIL 9 2015...

CLIMATE NORMAL PERIOD 1981 TO 2010
CLIMATE RECORD PERIOD 1895 TO 2015


WEATHER ITEM   OBSERVED TIME   RECORD YEAR NORMAL DEPARTURE LAST
                VALUE   (LST)  VALUE       VALUE  FROM      YEAR
                                                  NORMAL
..................................................................
TEMPERATURE (F)
 YESTERDAY
  MAXIMUM         82    424 PM  84    2001  65     17       63
                                      1919
                                      1915
  MINIMUM         61    251 AM  22    2007  41     20       40
  AVERAGE         72                        53     19       52

PRECIPITATION (IN)
  YESTERDAY        0.03          1.76 1942   0.12  -0.09     0.00
  MONTH TO DATE    9.04                      1.02   8.02     2.36
  SINCE MAR 1     16.72                      5.40  11.32     4.58
  SINCE JAN 1     20.28                     11.95   8.33    10.78

SNOWFALL (IN)
  YESTERDAY       MM            MM      MM  MM     MM       MM
  MONTH TO DATE   MM                        MM     MM       MM
  SINCE MAR 1     MM                        MM     MM       MM
  SINCE JUL 1     MM                        MM     MM       MM
  SNOW DEPTH      MM

DEGREE DAYS
 HEATING
  YESTERDAY        0                        12    -12       13
  MONTH TO DATE   80                       123    -43       93
  SINCE MAR 1    752                       748      4      845
  SINCE JUL 1   4872                      4387    485     4957

 COOLING
  YESTERDAY        7                         1      6        0
  MONTH TO DATE    7                         1      6        0
  SINCE MAR 1      7                         3      4        0
  SINCE JAN 1      7                         3      4        0
..................................................................


WIND (MPH)
  HIGHEST WIND SPEED    29   HIGHEST WIND DIRECTION    SW (220)
  HIGHEST GUST SPEED    37   HIGHEST GUST DIRECTION    SW (230)
  AVERAGE WIND SPEED    12.3


SKY COVER
  POSSIBLE SUNSHINE  MM
  AVERAGE SKY COVER 0.1


WEATHER CONDITIONS
 THE FOLLOWING WEATHER WAS RECORDED YESTERDAY.
  THUNDERSTORM
  LIGHT RAIN


RELATIVE HUMIDITY (PERCENT)
 HIGHEST   100           200 AM
 LOWEST     49           500 PM
 AVERAGE    75

..........................................................


THE FRANKFORT KY CLIMATE NORMALS FOR TODAY
                         NORMAL    RECORD    YEAR
 MAXIMUM TEMPERATURE (F)   65        84      2011
                                             2001
                                             1919
 MINIMUM TEMPERATURE (F)   42        23      1997
                                             1960


SUNRISE AND SUNSET
APRIL 10 2015.........SUNRISE   712 AM EDT   SUNSET   811 PM EDT
APRIL 11 2015.........SUNRISE   710 AM EDT   SUNSET   812 PM EDT


-  INDICATES NEGATIVE NUMBERS.
R  INDICATES RECORD WAS SET OR TIED.
MM INDICATES DATA IS MISSING.
T  INDICATES TRACE AMOUNT.




$$
