000
CDUS43 KLMK 120627
CLIFFT


CLIMATE REPORT
NATIONAL WEATHER SERVICE LOUISVILLE KY
226 AM EDT SUN APR 12 2015


...................................

...THE FRANKFORT KY CLIMATE SUMMARY FOR APRIL 11 2015...

CLIMATE NORMAL PERIOD 1981 TO 2010
CLIMATE RECORD PERIOD 1895 TO 2015


WEATHER ITEM   OBSERVED TIME   RECORD YEAR NORMAL DEPARTURE LAST
                VALUE   (LST)  VALUE       VALUE  FROM      YEAR
                                                  NORMAL
..................................................................
TEMPERATURE (F)
 YESTERDAY
  MAXIMUM         63    517 PM  88    1930  66     -3       73
  MINIMUM         38    636 AM  24    1996  42     -4       50
                                      1989
                                      1960
  AVERAGE         51                        54     -3       62

PRECIPITATION (IN)
  YESTERDAY        0.00          1.45 1913   0.11  -0.11      T
  MONTH TO DATE    9.28                      1.25   8.03     2.36
  SINCE MAR 1     16.96                      5.63  11.33     4.58
  SINCE JAN 1     20.52                     12.18   8.34    10.78

SNOWFALL (IN)
  YESTERDAY       MM            MM      MM  MM     MM       MM
  MONTH TO DATE   MM                        MM     MM       MM
  SINCE MAR 1     MM                        MM     MM       MM
  SINCE JUL 1     MM                        MM     MM       MM
  SNOW DEPTH      MM

DEGREE DAYS
 HEATING
  YESTERDAY       14                        12      2        3
  MONTH TO DATE   99                       147    -48      105
  SINCE MAR 1    771                       772     -1      857
  SINCE JUL 1   4891                      4411    480     4969

 COOLING
  YESTERDAY        0                         1     -1        0
  MONTH TO DATE    7                         3      4        0
  SINCE MAR 1      7                         5      2        0
  SINCE JAN 1      7                         5      2        0
..................................................................


WIND (MPH)
  HIGHEST WIND SPEED    13   HIGHEST WIND DIRECTION     E (90)
  HIGHEST GUST SPEED    21   HIGHEST GUST DIRECTION     E (70)
  AVERAGE WIND SPEED     5.3


SKY COVER
  POSSIBLE SUNSHINE  MM
  AVERAGE SKY COVER 0.0


WEATHER CONDITIONS
 THE FOLLOWING WEATHER WAS RECORDED YESTERDAY.
  NO SIGNIFICANT WEATHER WAS OBSERVED.


RELATIVE HUMIDITY (PERCENT)
 HIGHEST    79           600 AM
 LOWEST     32           300 PM
 AVERAGE    56

..........................................................


THE FRANKFORT KY CLIMATE NORMALS FOR TODAY
                         NORMAL    RECORD    YEAR
 MAXIMUM TEMPERATURE (F)   66        89      1896
 MINIMUM TEMPERATURE (F)   42        26      1989
                                             1976


SUNRISE AND SUNSET
APRIL 12 2015.........SUNRISE   709 AM EDT   SUNSET   813 PM EDT
APRIL 13 2015.........SUNRISE   707 AM EDT   SUNSET   814 PM EDT


-  INDICATES NEGATIVE NUMBERS.
R  INDICATES RECORD WAS SET OR TIED.
MM INDICATES DATA IS MISSING.
T  INDICATES TRACE AMOUNT.




$$
