000
CDUS43 KLMK 040626
CLIFFT


CLIMATE REPORT
NATIONAL WEATHER SERVICE LOUISVILLE KY
226 AM EDT MON MAY 4 2015


...................................

...THE FRANKFORT KY CLIMATE SUMMARY FOR MAY 3 2015...

CLIMATE NORMAL PERIOD 1981 TO 2010
CLIMATE RECORD PERIOD 1895 TO 2015


WEATHER ITEM   OBSERVED TIME   RECORD YEAR NORMAL DEPARTURE LAST
                VALUE   (LST)  VALUE       VALUE  FROM      YEAR
                                                  NORMAL
..................................................................
TEMPERATURE (F)
 YESTERDAY
  MAXIMUM         78    241 PM  90    1959  72      6       71
                                      1952
  MINIMUM         47    531 AM  30    2005  49     -2       40
  AVERAGE         63                        60      3       56

PRECIPITATION (IN)
  YESTERDAY        0.00          3.05 2011   0.16  -0.16     0.00
  MONTH TO DATE    0.00                      0.48  -0.48     0.00
  SINCE MAR 1     18.92                      8.55  10.37     8.83
  SINCE JAN 1     22.48                     15.10   7.38    15.03

SNOWFALL (IN)
  YESTERDAY       MM            MM      MM  MM     MM       MM
  MONTH TO DATE   MM                        MM     MM       MM
  SINCE MAR 1     MM                        MM     MM       MM
  SINCE JUL 1     MM                        MM     MM       MM
  SNOW DEPTH      MM

DEGREE DAYS
 HEATING
  YESTERDAY        2                         6     -4        9
  MONTH TO DATE   16                        18     -2       37
  SINCE MAR 1    961                       957      4     1039
  SINCE JUL 1   5081                      4596    485     5151

 COOLING
  YESTERDAY        0                         1     -1        0
  MONTH TO DATE    0                         3     -3        0
  SINCE MAR 1      8                        23    -15        8
  SINCE JAN 1      8                        23    -15        8
..................................................................


WIND (MPH)
  HIGHEST WIND SPEED    13   HIGHEST WIND DIRECTION     S (200)
  HIGHEST GUST SPEED    18   HIGHEST GUST DIRECTION     S (200)
  AVERAGE WIND SPEED     2.7


SKY COVER
  POSSIBLE SUNSHINE  MM
  AVERAGE SKY COVER 0.1


WEATHER CONDITIONS
 THE FOLLOWING WEATHER WAS RECORDED YESTERDAY.
  NO SIGNIFICANT WEATHER WAS OBSERVED.


RELATIVE HUMIDITY (PERCENT)
 HIGHEST    86           200 AM
 LOWEST     29           400 PM
 AVERAGE    58

..........................................................


THE FRANKFORT KY CLIMATE NORMALS FOR TODAY
                         NORMAL    RECORD    YEAR
 MAXIMUM TEMPERATURE (F)   72        89      1934
                                             1895
 MINIMUM TEMPERATURE (F)   49        30      1971


SUNRISE AND SUNSET
MAY  4 2015...........SUNRISE   640 AM EDT   SUNSET   833 PM EDT
MAY  5 2015...........SUNRISE   639 AM EDT   SUNSET   834 PM EDT


-  INDICATES NEGATIVE NUMBERS.
R  INDICATES RECORD WAS SET OR TIED.
MM INDICATES DATA IS MISSING.
T  INDICATES TRACE AMOUNT.




$$
