000
CDUS43 KLMK 230633
CLIFFT


CLIMATE REPORT
NATIONAL WEATHER SERVICE LOUISVILLE KY
232 AM EDT THU APR 23 2015


...................................

...THE FRANKFORT KY CLIMATE SUMMARY FOR APRIL 22 2015...

CLIMATE NORMAL PERIOD 1981 TO 2010
CLIMATE RECORD PERIOD 1895 TO 2015


WEATHER ITEM   OBSERVED TIME   RECORD YEAR NORMAL DEPARTURE LAST
                VALUE   (LST)  VALUE       VALUE  FROM      YEAR
                                                  NORMAL
..................................................................
TEMPERATURE (F)
 YESTERDAY
  MAXIMUM         60    259 PM  93    1914  69     -9       71
  MINIMUM         38   1147 PM  29    1986  45     -7       50
  AVERAGE         49                        57     -8       61

PRECIPITATION (IN)
  YESTERDAY        0.09          1.70 1972   0.13  -0.04      T
  MONTH TO DATE   10.68                      2.55   8.13     3.06
  SINCE MAR 1     18.36                      6.93  11.43     5.28
  SINCE JAN 1     21.92                     13.48   8.44    11.48

SNOWFALL (IN)
  YESTERDAY       MM            MM      MM  MM     MM       MM
  MONTH TO DATE   MM                        MM     MM       MM
  SINCE MAR 1     MM                        MM     MM       MM
  SINCE JUL 1     MM                        MM     MM       MM
  SNOW DEPTH      MM

DEGREE DAYS
 HEATING
  YESTERDAY       16                         8      8        4
  MONTH TO DATE  159                       257    -98      213
  SINCE MAR 1    831                       882    -51      965
  SINCE JUL 1   4951                      4521    430     5077

 COOLING
  YESTERDAY        0                         1     -1        0
  MONTH TO DATE    8                        14     -6        8
  SINCE MAR 1      8                        16     -8        8
  SINCE JAN 1      8                        16     -8        8
..................................................................


WIND (MPH)
  HIGHEST WIND SPEED    23   HIGHEST WIND DIRECTION     W (280)
  HIGHEST GUST SPEED    34   HIGHEST GUST DIRECTION     W (280)
  AVERAGE WIND SPEED    10.6


SKY COVER
  POSSIBLE SUNSHINE  MM
  AVERAGE SKY COVER 0.2


WEATHER CONDITIONS
 THE FOLLOWING WEATHER WAS RECORDED YESTERDAY.
  THUNDERSTORM
  RAIN
  LIGHT RAIN
  FOG


RELATIVE HUMIDITY (PERCENT)
 HIGHEST    83           700 AM
 LOWEST     23           400 PM
 AVERAGE    53

..........................................................


THE FRANKFORT KY CLIMATE NORMALS FOR TODAY
                         NORMAL    RECORD    YEAR
 MAXIMUM TEMPERATURE (F)   69        88      1914
 MINIMUM TEMPERATURE (F)   46        27      1986


SUNRISE AND SUNSET
APRIL 23 2015.........SUNRISE   653 AM EDT   SUNSET   823 PM EDT
APRIL 24 2015.........SUNRISE   652 AM EDT   SUNSET   824 PM EDT


-  INDICATES NEGATIVE NUMBERS.
R  INDICATES RECORD WAS SET OR TIED.
MM INDICATES DATA IS MISSING.
T  INDICATES TRACE AMOUNT.




$$
