000
CDUS43 KLMK 170626
CLIFFT


CLIMATE REPORT
NATIONAL WEATHER SERVICE LOUISVILLE KY
226 AM EDT FRI APR 17 2015


...................................

...THE FRANKFORT KY CLIMATE SUMMARY FOR APRIL 16 2015...

CLIMATE NORMAL PERIOD 1981 TO 2010
CLIMATE RECORD PERIOD 1895 TO 2015


WEATHER ITEM   OBSERVED TIME   RECORD YEAR NORMAL DEPARTURE LAST
                VALUE   (LST)  VALUE       VALUE  FROM      YEAR
                                                  NORMAL
..................................................................
TEMPERATURE (F)
 YESTERDAY
  MAXIMUM         73    329 PM  87    1896  67      6       52
  MINIMUM         56    234 AM  24    2014  44     12       24
  AVERAGE         65                        55     10       38

PRECIPITATION (IN)
  YESTERDAY        0.02          2.65 1947   0.11  -0.09     0.00
  MONTH TO DATE   10.01                      1.79   8.22     3.06
  SINCE MAR 1     17.69                      6.17  11.52     5.28
  SINCE JAN 1     21.25                     12.72   8.53    11.48

SNOWFALL (IN)
  YESTERDAY       MM            MM      MM  MM     MM       MM
  MONTH TO DATE   MM                        MM     MM       MM
  SINCE MAR 1     MM                        MM     MM       MM
  SINCE JUL 1     MM                        MM     MM       MM
  SNOW DEPTH      MM

DEGREE DAYS
 HEATING
  YESTERDAY        0                        10    -10       27
  MONTH TO DATE  118                       202    -84      169
  SINCE MAR 1    790                       827    -37      921
  SINCE JUL 1   4910                      4466    444     5033

 COOLING
  YESTERDAY        0                         1     -1        0
  MONTH TO DATE    8                         8      0        8
  SINCE MAR 1      8                        10     -2        8
  SINCE JAN 1      8                        10     -2        8
..................................................................


WIND (MPH)
  HIGHEST WIND SPEED    18   HIGHEST WIND DIRECTION    SW (210)
  HIGHEST GUST SPEED    23   HIGHEST GUST DIRECTION    SW (220)
  AVERAGE WIND SPEED     7.4


SKY COVER
  POSSIBLE SUNSHINE  MM
  AVERAGE SKY COVER 0.7


WEATHER CONDITIONS
 THE FOLLOWING WEATHER WAS RECORDED YESTERDAY.
  THUNDERSTORM
  LIGHT RAIN


RELATIVE HUMIDITY (PERCENT)
 HIGHEST    93           700 AM
 LOWEST     61           400 PM
 AVERAGE    77

..........................................................


THE FRANKFORT KY CLIMATE NORMALS FOR TODAY
                         NORMAL    RECORD    YEAR
 MAXIMUM TEMPERATURE (F)   68        88      1896
 MINIMUM TEMPERATURE (F)   44        27      1962
                                             1904


SUNRISE AND SUNSET
APRIL 17 2015.........SUNRISE   702 AM EDT   SUNSET   817 PM EDT
APRIL 18 2015.........SUNRISE   700 AM EDT   SUNSET   818 PM EDT


-  INDICATES NEGATIVE NUMBERS.
R  INDICATES RECORD WAS SET OR TIED.
MM INDICATES DATA IS MISSING.
T  INDICATES TRACE AMOUNT.




$$
