000
CDUS43 KLMK 030626
CLILEX


CLIMATE REPORT
NATIONAL WEATHER SERVICE LOUISVILLE KY
226 AM EDT SUN MAY 3 2015


...................................

...THE LEXINGTON KY CLIMATE SUMMARY FOR MAY 2 2015...

CLIMATE NORMAL PERIOD 1981 TO 2010
CLIMATE RECORD PERIOD 1872 TO 2015


WEATHER ITEM   OBSERVED TIME   RECORD YEAR NORMAL DEPARTURE LAST
                VALUE   (LST)  VALUE       VALUE  FROM      YEAR
                                                  NORMAL
..................................................................
TEMPERATURE (F)
 YESTERDAY
  MAXIMUM         74    535 PM  88    1959  71      3       61
  MINIMUM         44    439 AM  33    1961  50     -6       43
                                      1929
                                      1909
  AVERAGE         59                        60     -1       52

PRECIPITATION (IN)
  YESTERDAY        0.00          4.31 2010   0.15  -0.15     0.00
  MONTH TO DATE    0.00                      0.31  -0.31     0.00
  SINCE MAR 1     18.87                      7.98  10.89     8.88
  SINCE JAN 1     23.72                     14.38   9.34    15.92

SNOWFALL (IN)
  YESTERDAY        0.0           1.5  1897   0.0    0.0      0.0
  MONTH TO DATE    0.0                       0.0    0.0      0.0
  SINCE MAR 1     17.1                       1.7   15.4      7.8
  SINCE JUL 1     40.0                      13.0   27.0     27.1
  SNOW DEPTH       0

DEGREE DAYS
 HEATING
  YESTERDAY        6                         6      0       13
  MONTH TO DATE   15                        12      3       24
  SINCE MAR 1    924                       930     -6      946
  SINCE JUL 1   4902                      4501    401     4789

 COOLING
  YESTERDAY        0                         1     -1        0
  MONTH TO DATE    0                         2     -2        0
  SINCE MAR 1     12                        24    -12       15
  SINCE JAN 1     12                        24    -12       15
..................................................................


WIND (MPH)
  HIGHEST WIND SPEED     8   HIGHEST WIND DIRECTION     S (180)
  HIGHEST GUST SPEED    11   HIGHEST GUST DIRECTION     W (250)
  AVERAGE WIND SPEED     2.9


SKY COVER
  POSSIBLE SUNSHINE  MM
  AVERAGE SKY COVER 0.0


WEATHER CONDITIONS
 THE FOLLOWING WEATHER WAS RECORDED YESTERDAY.
  NO SIGNIFICANT WEATHER WAS OBSERVED.


RELATIVE HUMIDITY (PERCENT)
 HIGHEST    86           400 AM
 LOWEST     31          1200 PM
 AVERAGE    59

..........................................................


THE LEXINGTON KY CLIMATE NORMALS FOR TODAY
                         NORMAL    RECORD    YEAR
 MAXIMUM TEMPERATURE (F)   71        88      1959
 MINIMUM TEMPERATURE (F)   50        32      2005


SUNRISE AND SUNSET
MAY  3 2015...........SUNRISE   640 AM EDT   SUNSET   831 PM EDT
MAY  4 2015...........SUNRISE   639 AM EDT   SUNSET   832 PM EDT


-  INDICATES NEGATIVE NUMBERS.
R  INDICATES RECORD WAS SET OR TIED.
MM INDICATES DATA IS MISSING.
T  INDICATES TRACE AMOUNT.




$$
