000
CDUS43 KLMK 010637
CLILEX


CLIMATE REPORT
NATIONAL WEATHER SERVICE LOUISVILLE KY
235 AM EDT FRI MAY 1 2015


...................................

...THE LEXINGTON KY CLIMATE SUMMARY FOR APRIL 30 2015...

CLIMATE NORMAL PERIOD 1981 TO 2010
CLIMATE RECORD PERIOD 1872 TO 2015


WEATHER ITEM   OBSERVED TIME   RECORD YEAR NORMAL DEPARTURE LAST
                VALUE   (LST)  VALUE       VALUE  FROM      YEAR
                                                  NORMAL
..................................................................
TEMPERATURE (F)
 YESTERDAY
  MAXIMUM         64   1246 PM  91    1942  70     -6       66
  MINIMUM         45   1157 PM  32    1908  49     -4       52
  AVERAGE         55                        60     -5       59

PRECIPITATION (IN)
  YESTERDAY        0.17          3.21 1909   0.13   0.04     0.35
  MONTH TO DATE   11.41                      3.60   7.81     5.99
  SINCE MAR 1     18.87                      7.67  11.20     8.88
  SINCE JAN 1     23.72                     14.07   9.65    15.92

SNOWFALL (IN)
  YESTERDAY        0.0           2.5  1908   0.0    0.0      0.0
  MONTH TO DATE    0.0                       0.3   -0.3      0.3
  SINCE MAR 1     17.1                       1.7   15.4      7.8
  SINCE JUL 1     40.0                      13.0   27.0     27.1
  SNOW DEPTH       0

DEGREE DAYS
 HEATING
  YESTERDAY       10                         6      4        6
  MONTH TO DATE  260                       312    -52      206
  SINCE MAR 1    909                       918     -9      922
  SINCE JUL 1   4887                      4489    398     4765

 COOLING
  YESTERDAY        0                         1     -1        0
  MONTH TO DATE   12                        20     -8       15
  SINCE MAR 1     12                        22    -10       15
  SINCE JAN 1     12                        22    -10       15
..................................................................


WIND (MPH)
  HIGHEST WIND SPEED    30   HIGHEST WIND DIRECTION    NW (330)
  HIGHEST GUST SPEED    37   HIGHEST GUST DIRECTION    NW (330)
  AVERAGE WIND SPEED     7.1


SKY COVER
  POSSIBLE SUNSHINE  MM
  AVERAGE SKY COVER 0.6


WEATHER CONDITIONS
 THE FOLLOWING WEATHER WAS RECORDED YESTERDAY.
  THUNDERSTORM
  HEAVY RAIN
  RAIN
  LIGHT RAIN
  FOG


RELATIVE HUMIDITY (PERCENT)
 HIGHEST    93           800 PM
 LOWEST     48           100 PM
 AVERAGE    71

..........................................................


THE LEXINGTON KY CLIMATE NORMALS FOR TODAY
                         NORMAL    RECORD    YEAR
 MAXIMUM TEMPERATURE (F)   70        90      1951
 MINIMUM TEMPERATURE (F)   50        29      1963


SUNRISE AND SUNSET
MAY  1 2015...........SUNRISE   643 AM EDT   SUNSET   829 PM EDT
MAY  2 2015...........SUNRISE   641 AM EDT   SUNSET   830 PM EDT


-  INDICATES NEGATIVE NUMBERS.
R  INDICATES RECORD WAS SET OR TIED.
MM INDICATES DATA IS MISSING.
T  INDICATES TRACE AMOUNT.




$$
