000
CDUS43 KLMK 232039
CLILEX


CLIMATE REPORT
NATIONAL WEATHER SERVICE LOUISVILLE KY
438 PM EDT THU APR 23 2015


...................................

...THE LEXINGTON KY CLIMATE SUMMARY FOR APRIL 23 2015...
VALID TODAY AS OF 0400 PM LOCAL TIME.

CLIMATE NORMAL PERIOD 1981 TO 2010
CLIMATE RECORD PERIOD 1872 TO 2015


WEATHER ITEM   OBSERVED TIME   RECORD YEAR NORMAL DEPARTURE LAST
                VALUE   (LST)  VALUE       VALUE  FROM      YEAR
                                                  NORMAL
..................................................................
TEMPERATURE (F)
 TODAY
  MAXIMUM         59    254 PM  86    1946  68     -9       63
                                      1937
                                      1925
  MINIMUM         33    527 AM  24    1986  47    -14       39
  AVERAGE         46                        58    -12       51

PRECIPITATION (IN)
  TODAY            0.00          2.76 1970   0.13  -0.13     0.00
  MONTH TO DATE   10.61                      2.66   7.95     2.03
  SINCE MAR 1     18.07                      6.73  11.34     4.92
  SINCE JAN 1     22.92                     13.13   9.79    11.96

SNOWFALL (IN)
  TODAY            0.0           0.0    MM   0.0    0.0      0.0
  MONTH TO DATE    0.0                       0.3   -0.3      0.3
  SINCE MAR 1     17.1                       1.7   15.4      7.8
  SINCE JUL 1     40.0                      13.0   27.0     27.1
  SNOW DEPTH       0

DEGREE DAYS
 HEATING
  TODAY           19                         8     11       14
  MONTH TO DATE  164                       262    -98      187
  SINCE MAR 1    813                       867    -54      903
  SINCE JUL 1   4791                      4438    353     4746

 COOLING
  TODAY            0                         1     -1        0
  MONTH TO DATE   12                        14     -2       11
  SINCE MAR 1     12                        16     -4       11
  SINCE JAN 1     12                        16     -4       11
..................................................................


WIND (MPH)
  HIGHEST WIND SPEED    22   HIGHEST WIND DIRECTION     W (290)
  HIGHEST GUST SPEED    29   HIGHEST GUST DIRECTION     W (280)
  AVERAGE WIND SPEED    10.3


SKY COVER
  POSSIBLE SUNSHINE  MM
  AVERAGE SKY COVER 0.0


WEATHER CONDITIONS
 THE FOLLOWING WEATHER WAS RECORDED TODAY.
  NO SIGNIFICANT WEATHER WAS OBSERVED.


RELATIVE HUMIDITY (PERCENT)
 HIGHEST    75           600 AM
 LOWEST     23           200 PM
 AVERAGE    49

..........................................................


THE LEXINGTON KY CLIMATE NORMALS FOR TOMORROW
                         NORMAL    RECORD    YEAR
 MAXIMUM TEMPERATURE (F)   69        90      1925
 MINIMUM TEMPERATURE (F)   47        28      1910


SUNRISE AND SUNSET
APRIL 23 2015.........SUNRISE   652 AM EDT   SUNSET   822 PM EDT
APRIL 24 2015.........SUNRISE   651 AM EDT   SUNSET   823 PM EDT


-  INDICATES NEGATIVE NUMBERS.
R  INDICATES RECORD WAS SET OR TIED.
MM INDICATES DATA IS MISSING.
T  INDICATES TRACE AMOUNT.




$$
