000
CDUS43 KLMK 200629
CLILEX


CLIMATE REPORT
NATIONAL WEATHER SERVICE LOUISVILLE KY
229 AM EDT MON APR 20 2015


...................................

...THE LEXINGTON KY CLIMATE SUMMARY FOR APRIL 19 2015...

CLIMATE NORMAL PERIOD 1981 TO 2010
CLIMATE RECORD PERIOD 1872 TO 2015


WEATHER ITEM   OBSERVED TIME   RECORD YEAR NORMAL DEPARTURE LAST
                VALUE   (LST)  VALUE       VALUE  FROM      YEAR
                                                  NORMAL
..................................................................
TEMPERATURE (F)
 YESTERDAY
  MAXIMUM         71    448 PM  86    1941  67      4       73
  MINIMUM         59    801 AM  25    1983  46     13       46
  AVERAGE         65                        56      9       60

PRECIPITATION (IN)
  YESTERDAY        0.39          2.06 1901   0.12   0.27     0.00
  MONTH TO DATE   10.48                      2.15   8.33     2.00
  SINCE MAR 1     17.94                      6.22  11.72     4.89
  SINCE JAN 1     22.79                     12.62  10.17    11.93

SNOWFALL (IN)
  YESTERDAY        0.0           2.0  1901   0.0    0.0      0.0
  MONTH TO DATE    0.0                       0.3   -0.3      0.3
  SINCE MAR 1     17.1                       1.7   15.4      7.8
  SINCE JUL 1     40.0                      13.0   27.0     27.1
  SNOW DEPTH       0

DEGREE DAYS
 HEATING
  YESTERDAY        0                         9     -9        5
  MONTH TO DATE  110                       227   -117      164
  SINCE MAR 1    759                       832    -73      880
  SINCE JUL 1   4737                      4403    334     4723

 COOLING
  YESTERDAY        0                         1     -1        0
  MONTH TO DATE   12                        10      2       11
  SINCE MAR 1     12                        12      0       11
  SINCE JAN 1     12                        12      0       11
..................................................................


WIND (MPH)
  HIGHEST WIND SPEED    23   HIGHEST WIND DIRECTION     S (160)
  HIGHEST GUST SPEED    30   HIGHEST GUST DIRECTION    SE (130)
  AVERAGE WIND SPEED    13.3


SKY COVER
  POSSIBLE SUNSHINE  MM
  AVERAGE SKY COVER 0.9


WEATHER CONDITIONS
 THE FOLLOWING WEATHER WAS RECORDED YESTERDAY.
  THUNDERSTORM
  HEAVY RAIN
  RAIN
  LIGHT RAIN
  FOG
  HAZE


RELATIVE HUMIDITY (PERCENT)
 HIGHEST    93          1200 PM
 LOWEST     42          1200 AM
 AVERAGE    68

..........................................................


THE LEXINGTON KY CLIMATE NORMALS FOR TODAY
                         NORMAL    RECORD    YEAR
 MAXIMUM TEMPERATURE (F)   67        85      1957
                                             1915
                                             1896
 MINIMUM TEMPERATURE (F)   46        25      1983


SUNRISE AND SUNSET
APRIL 20 2015.........SUNRISE   656 AM EDT   SUNSET   819 PM EDT
APRIL 21 2015.........SUNRISE   655 AM EDT   SUNSET   820 PM EDT


-  INDICATES NEGATIVE NUMBERS.
R  INDICATES RECORD WAS SET OR TIED.
MM INDICATES DATA IS MISSING.
T  INDICATES TRACE AMOUNT.




$$
