000
CDUS43 KLMK 300635
CLILEX


CLIMATE REPORT
NATIONAL WEATHER SERVICE LOUISVILLE KY
234 AM EDT THU APR 30 2015


...................................

...THE LEXINGTON KY CLIMATE SUMMARY FOR APRIL 29 2015...

CLIMATE NORMAL PERIOD 1981 TO 2010
CLIMATE RECORD PERIOD 1872 TO 2015


WEATHER ITEM   OBSERVED TIME   RECORD YEAR NORMAL DEPARTURE LAST
                VALUE   (LST)  VALUE       VALUE  FROM      YEAR
                                                  NORMAL
..................................................................
TEMPERATURE (F)
 YESTERDAY
  MAXIMUM         69    317 PM  86    1899  70     -1       78
  MINIMUM         39    547 AM  28    1874  49    -10       55
  AVERAGE         54                        59     -5       67

PRECIPITATION (IN)
  YESTERDAY        0.00          1.31 2014   0.14  -0.14     1.31
  MONTH TO DATE   11.24                      3.47   7.77     5.64
  SINCE MAR 1     18.70                      7.54  11.16     8.53
  SINCE JAN 1     23.55                     13.94   9.61    15.57

SNOWFALL (IN)
  YESTERDAY        0.0           0.0    MM   0.0    0.0      0.0
  MONTH TO DATE    0.0                       0.3   -0.3      0.3
  SINCE MAR 1     17.1                       1.7   15.4      7.8
  SINCE JUL 1     40.0                      13.0   27.0     27.1
  SNOW DEPTH       0

DEGREE DAYS
 HEATING
  YESTERDAY       11                         7      4        0
  MONTH TO DATE  250                       306    -56      200
  SINCE MAR 1    899                       911    -12      916
  SINCE JUL 1   4877                      4482    395     4759

 COOLING
  YESTERDAY        0                         1     -1        2
  MONTH TO DATE   12                        20     -8       15
  SINCE MAR 1     12                        22    -10       15
  SINCE JAN 1     12                        22    -10       15
..................................................................


WIND (MPH)
  HIGHEST WIND SPEED    10   HIGHEST WIND DIRECTION     N (350)
  HIGHEST GUST SPEED    13   HIGHEST GUST DIRECTION     N (360)
  AVERAGE WIND SPEED     5.0


SKY COVER
  POSSIBLE SUNSHINE  MM
  AVERAGE SKY COVER 0.4


WEATHER CONDITIONS
 THE FOLLOWING WEATHER WAS RECORDED YESTERDAY.
  NO SIGNIFICANT WEATHER WAS OBSERVED.


RELATIVE HUMIDITY (PERCENT)
 HIGHEST    92           600 AM
 LOWEST     42           600 PM
 AVERAGE    67

..........................................................


THE LEXINGTON KY CLIMATE NORMALS FOR TODAY
                         NORMAL    RECORD    YEAR
 MAXIMUM TEMPERATURE (F)   70        91      1942
 MINIMUM TEMPERATURE (F)   49        32      1908


SUNRISE AND SUNSET
APRIL 30 2015.........SUNRISE   644 AM EDT   SUNSET   828 PM EDT
MAY  1 2015...........SUNRISE   643 AM EDT   SUNSET   829 PM EDT


-  INDICATES NEGATIVE NUMBERS.
R  INDICATES RECORD WAS SET OR TIED.
MM INDICATES DATA IS MISSING.
T  INDICATES TRACE AMOUNT.




$$
